# ************************************************************
# Sequel Pro SQL dump
# Version 4096
#
# http://www.sequelpro.com/
# http://code.google.com/p/sequel-pro/
#
# Host: localhost (MySQL 5.5.34)
# Database: putujmoba
# Generation Time: 2014-09-30 07:18:00 +0000
# ************************************************************




# Dump of table agencije
# ------------------------------------------------------------


CREATE TABLE `agencije` (
  `id` int(11) unsigned NOT NULL AUTO_INCREMENT,
  `naziv` varchar(100) DEFAULT NULL,
  `slika` varchar(100) DEFAULT NULL,
  `ugovor` text,
  `aktivno` int(1) DEFAULT NULL,
  `telefon` varchar(200) DEFAULT NULL,
  `fax` varchar(200) DEFAULT NULL,
  `email` varchar(200) DEFAULT NULL,
  `web` varchar(200) DEFAULT NULL,
  `datumdodavanja` datetime DEFAULT NULL,
  PRIMARY KEY (`id`)
) ENGINE=InnoDB DEFAULT CHARSET=utf8;


INSERT INTO `agencije` (`id`, `naziv`, `slika`, `ugovor`, `aktivno`, `telefon`, `fax`, `email`, `web`, `datumdodavanja`)
VALUES
	(1,'Solazur Buenavista','solazur-buenavista.png','<p>Odredbe ovih Op&scaron;tih uslova čine sastavni dio ugovora o putovanju između putnika i TA &ldquo;Sol Azur travel&rdquo; d.o.o.&nbsp; Ferhadija 8, Sarajevo&nbsp; kao organizatora i obavezujuće su za obje ugovorne strane, osim odredbi definisanih posebnim pisanim ugovorom ili programom putovanja.<br /><strong>1. PRIJAVE, UPLATE I UGOVOR</strong>: Putnik se za putovanje može prijaviti u svim poslovnicama, odnosno izdvojenim posebnim prostorima organizatora putovanja TA &ldquo;Sol Azur travel&rdquo; d.o.o.&nbsp; iz Sarajeva (dalje: organizator) i agencijama&nbsp; sa kojima ima zaključen Ugovor o posredovanju (dalje: posrednik). Kada posrednik u programu putovanja organizatora i ugovoru - potvrdi o putovanju ne naznači svojstvo posrednika odgovara za izvr&scaron;enje programa putovanja kao organizator. Prijava postaje punovažna kada je potvrđena zaključenjem pisanog ugovora - potvrde o putovanju sa organizatorom, koja može biti i u elektronskoj formi, shodno Zakonu o elektronskom potpisu (dalje: ugovor) i uplatom akontacije u visini od 30% od cijene aranžmana. Ostatak ugovorene cijene, ako drugačije nije ugovoreno, plaća se 15 dana prije početka putovanja. Ukoliko putnik, u roku ne izvr&scaron;i uplatu u cijelosti, smatra se da je putovanje otkazao, u skladu sa tačkom 10. ovih uslova. Potpisivanjem ugovora o putovanju od strane jednog putnika smatra se da su svi ostali putnici iz ugovora prihvatili ove op&scaron;te uslove putovanja i da se uplata akontacije vodi kao uplata za sve putnike (a ne samo za jednog određenog putnika).&nbsp; Ukoliko dođe do otkaza aranžmana, otkazne odredbe važe za sve navedene putnike u ugovoru.&nbsp;<br /><strong>2. OBAVEZA I PRAVA ORGANIZATORA</strong>&nbsp;su: Da sa putnikom zaključi ugovor o putovanju i putniku uruči pisani program putovanja (u daljem tesktu: program putovanja) i op&scaron;te uslove putovanja (dalje: op&scaron;ti uslovi) i da ga informi&scaron;e o ponudi mogućih vidova putnog osiguranja (u daljem tekstu: paket putnog osiguranja); Isplati srazmjernu realnu razliku između ugovorene cijene i cijene putovanja snižene srazmerno neizvr&scaron;enju ili nepotpunom izvr&scaron;enju usluga (u daljem tekstu: sniženje cene) povodom blagovreme i osnovane pisane reklamacije - prigovora putnika u skladu sa zakonom, Op&scaron;tim uslovima UTA i ovim op&scaron;tim uslovima, osim ako su propusti u izvr&scaron;enju programa putovanja nastali: krivicom putnika ili se pripisuju trećem licu koje nije bilo ugovoreni neposredni pružalac usluga&nbsp; u realizaciji programa putovanja,&nbsp; djelovanjem vi&scaron;e sile ili nepredviđenih događaja na koje organizator nema uticaja i čije su posljedice neizbježne uprkos primjeni dužne pažnje ili nekim drugim događajima koje organizator nije mogao predvidjeti i prevladati; Saglasno dobrim poslovnim običajima u ovoj oblasti se stara o pravima i interesima putnika, da prije polaska na put dostavi putniku ime, adresu i broj telefona lokalnog predstavnika, odnosno lokalne agencije partnera organizatora.&nbsp;<br /><strong>3. OBAVEZA I PRAVA PUTNIKA</strong>&nbsp;su: Da se detaljno upozna sa uručenim programom i op&scaron;tim uslovima putovanja, da se informi&scaron;e&nbsp; o fakultativnom zaključenju ugovora o osiguranju kojim se pokrivaju tro&scaron;kovi otkazivanja od strane putnika ili tro&scaron;kovi pomoći, uključujući repatrijaciju u svoju zemlju, u slučaju nesreće ili bolesti, i da zaključenjem ugovora (u svoje ime i u ime putnika za čije potrebe zaključuje ugovor) potvrđuje da ih u cijelosti prihvata; Uplati ugovorenu cijenu pod uslovima, rokovima i na način predviđen ugovorom, op&scaron;tim uslovima i programom putovanja; Organizatoru blagovremeno dostavi tačne i kompletne podatke i dokumenta potrebna za organizovanje putovanja i garantuje da on, njegove isprave, prtljag i dr., ispunjavaju uslove određene propisima na&scaron;e, tranzitne i odredi&scaron;ne zemlje (granični, carinski, sanitarni, monetarni i drugi propisi ) i po sopstvenom izboru obezbjedi odgovarajuće polise putnog osiguranja; Isplati &scaron;tetu koju pričini neposrednim pružaocima usluga,&nbsp; ili trećim licima, kr&scaron;enjem zakonskih i drugih propisa i ovih op&scaron;tih uslova; Odredi drugo lice da umjesto njega putuje (uz uslov da to lice ispunjava uslove predviđene za određeno putovanje) i organizatoru nadoknadi stvarne tro&scaron;kove prouzrokovane zamjenom putnika i da solidarno snosi neplaćeni dio cijene aranžmana, odnosno programa putovanja; Opravdani prigovor bez odlaganja na licu mjesta saop&scaron;ti organizatoru i neposrednom pružaocu usluga; Prije zaključenja ugovora se informi&scaron;e preko sajta Ministarstva vanjskih poslova BiH ili na drugi način o zemljama tzv. visokog ili umjerenog rizika; Da se najkasnije 24 sata, ali ne ranije od 48 sati, informi&scaron;e kod vodiča-predstavnika o tačnom vremenu povratka.</p>',1,NULL,NULL,NULL,NULL,'2014-04-30 01:06:00'),
	(2,'Centrotrans','solazur-buenavista.png',NULL,0,NULL,NULL,NULL,NULL,NULL),
	(3,'Vagabundo','solazur-buenavista.png',NULL,0,NULL,NULL,NULL,NULL,NULL),
	(5,'test plus 12','tekst.png','<p>test plus</p>',1,NULL,NULL,NULL,NULL,NULL),
	(6,'hamo','logo.png','<p>tesaf dsgsdfghsd</p>',1,NULL,NULL,NULL,NULL,NULL),
	(7,'test 1','strelica.png','<p>sdgadsgas</p>',1,'te','fa','e','we','2014-08-23 12:54:00');



# Dump of table dalisteznali
# ------------------------------------------------------------


CREATE TABLE `dalisteznali` (
  `id` int(11) unsigned NOT NULL AUTO_INCREMENT,
  `naslov` varchar(100) DEFAULT NULL,
  `tekst` text,
  `dodao_korisnik` int(11) DEFAULT NULL,
  `aktivno` int(11) DEFAULT NULL,
  PRIMARY KEY (`id`)
) ENGINE=InnoDB DEFAULT CHARSET=utf8;


INSERT INTO `dalisteznali` (`id`, `naslov`, `tekst`, `dodao_korisnik`, `aktivno`)
VALUES
	(1,'kolumbo','Da je Kolumbo dao Indijancima takvo ime zbog toga jer je mislio da je stigao u istočnu Indiju?',1,1),
	(2,NULL,'Da je 1987. godine avio kompanija American Airlines uštedila 40.000 $ uklonivši samo po jednu maslinu iz salate u prvom razredu!',1,1),
	(3,NULL,'Da je London bio prvi grad koji je imao populaciju veću od milijun stanovnika, a sada je 13. grad po naseljenosti sa 8 milijuna stanovnika?	',1,1),
	(4,NULL,'Da je najstariji filmski festival na svijetu prvi put održan 1932. godine Venecijanski filmski festival.',1,1);



# Dump of table drzave
# ------------------------------------------------------------


CREATE TABLE `drzave` (
  `id` int(11) unsigned NOT NULL AUTO_INCREMENT,
  `kontinent` int(11) DEFAULT NULL,
  `drzava` varchar(100) DEFAULT NULL,
  `aktivno` int(1) DEFAULT NULL,
  `slika` varchar(100) DEFAULT '',
  PRIMARY KEY (`id`)
) ENGINE=InnoDB DEFAULT CHARSET=utf8;


INSERT INTO `drzave` (`id`, `kontinent`, `drzava`, `aktivno`, `slika`)
VALUES
	(1,1,'Bosna i Hercegovina',1,'oslo_cnt_24nov09_iStock__150x100.jpg'),
	(2,1,'Austrija',1,''),
	(3,NULL,'test',NULL,''),
	(4,NULL,'tea',0,''),
	(5,NULL,'afassfsa',1,''),
	(6,NULL,'Njemacka',1,''),
	(7,2,'Madjarska',1,''),
	(8,3,'azisjki',NULL,''),
	(9,4,'africki',NULL,'');



# Dump of table galerija
# ------------------------------------------------------------


CREATE TABLE `galerija` (
  `id` int(11) unsigned NOT NULL AUTO_INCREMENT,
  `naziv` varchar(30) DEFAULT NULL,
  `datumdodavanja` datetime DEFAULT NULL,
  `posljednjaizmjena` datetime DEFAULT NULL,
  `korisnik` int(11) DEFAULT NULL,
  PRIMARY KEY (`id`)
) ENGINE=InnoDB DEFAULT CHARSET=utf8;


INSERT INTO `galerija` (`id`, `naziv`, `datumdodavanja`, `posljednjaizmjena`, `korisnik`)
VALUES
	(1,'test','2014-04-22 17:45:00','2014-04-24 18:12:00',1),
	(2,'test 11','2014-04-22 22:44:00','2014-04-30 00:20:00',1),
	(3,'nova gl','2014-05-07 20:10:00','2014-05-07 20:11:00',1);



# Dump of table galerije_opisidestinacija
# ------------------------------------------------------------


CREATE TABLE `galerije_opisidestinacija` (
  `id` int(11) unsigned NOT NULL AUTO_INCREMENT,
  `galerija_id` int(11) DEFAULT NULL,
  `grad_id` int(11) DEFAULT NULL,
  `drzava_id` int(11) DEFAULT NULL,
  PRIMARY KEY (`id`)
) ENGINE=InnoDB DEFAULT CHARSET=utf8;


INSERT INTO `galerije_opisidestinacija` (`id`, `galerija_id`, `grad_id`, `drzava_id`)
VALUES
	(1,2,1,1),
	(2,0,2,1),
	(3,0,0,2),
	(4,2,6,7),
	(5,0,0,7),
	(6,2,0,1);



# Dump of table galerije_ponude
# ------------------------------------------------------------


CREATE TABLE `galerije_ponude` (
  `id` int(11) unsigned NOT NULL AUTO_INCREMENT,
  `ponuda_id` int(11) DEFAULT NULL,
  `galerija_id` int(11) DEFAULT NULL,
  PRIMARY KEY (`id`)
) ENGINE=InnoDB DEFAULT CHARSET=utf8;


INSERT INTO `galerije_ponude` (`id`, `ponuda_id`, `galerija_id`)
VALUES
	(4,5,0),
	(5,6,0),
	(6,7,0),
	(15,8,1),
	(16,8,1),
	(17,8,2),
	(18,8,2),
	(19,16,1),
	(20,16,1),
	(21,16,2),
	(22,16,2),
	(29,9,2),
	(30,9,1),
	(45,20,1),
	(46,20,1),
	(47,20,2),
	(48,20,2),
	(49,22,1),
	(50,22,1),
	(51,22,2),
	(52,22,2),
	(53,3,1),
	(54,3,2),
	(57,23,1),
	(58,23,1),
	(59,23,2),
	(60,23,2),
	(61,24,0),
	(62,25,0),
	(63,26,0),
	(64,27,0),
	(65,28,0),
	(66,29,0),
	(70,30,0),
	(75,4,1),
	(76,4,2),
	(77,31,1),
	(78,31,2),
	(79,32,1),
	(80,32,2),
	(81,33,1),
	(82,33,2),
	(83,34,1),
	(84,34,2),
	(85,35,1),
	(86,35,2);



# Dump of table gradovi
# ------------------------------------------------------------


CREATE TABLE `gradovi` (
  `id` int(11) unsigned NOT NULL AUTO_INCREMENT,
  `grad` varchar(100) DEFAULT NULL,
  `drzava_id` int(11) DEFAULT NULL,
  `aktivno` int(1) DEFAULT NULL,
  `slika` varchar(100) DEFAULT NULL,
  PRIMARY KEY (`id`)
) ENGINE=InnoDB DEFAULT CHARSET=utf8;


INSERT INTO `gradovi` (`id`, `grad`, `drzava_id`, `aktivno`, `slika`)
VALUES
	(1,'Sarajevo',1,1,'oslo_cnt_24nov09_iStock__150x100.jpg'),
	(2,'Mostar',1,1,'cocoa09_gq_18mar10_ASchonnemann_106x70.jpg'),
	(3,'Beč',2,1,NULL),
	(5,'Berlin',6,1,NULL),
	(6,'Budimpesta',7,1,NULL);



# Dump of table historija_logovanja
# ------------------------------------------------------------


CREATE TABLE `historija_logovanja` (
  `id` int(11) unsigned NOT NULL AUTO_INCREMENT,
  `korisnik_id` int(11) DEFAULT NULL,
  `datum` datetime DEFAULT NULL,
  `ip` varchar(100) DEFAULT NULL,
  PRIMARY KEY (`id`)
) ENGINE=InnoDB DEFAULT CHARSET=utf8;


INSERT INTO `historija_logovanja` (`id`, `korisnik_id`, `datum`, `ip`)
VALUES
	(1,1,'2014-04-12 13:43:00','127.0.0.1'),
	(2,1,'2014-04-12 13:43:00','127.0.0.1'),
	(3,1,'2014-04-13 19:49:00','127.0.0.1'),
	(4,1,'2014-04-19 16:17:00','127.0.0.1'),
	(5,1,'2014-04-19 19:54:00','127.0.0.1'),
	(6,1,'2014-04-20 20:51:00','127.0.0.1'),
	(7,1,'2014-04-20 20:51:00','127.0.0.1'),
	(8,1,'2014-04-20 20:59:00','127.0.0.1'),
	(9,1,'2014-04-21 23:38:00','127.0.0.1'),
	(10,1,'2014-04-22 12:55:00','127.0.0.1'),
	(11,1,'2014-04-22 17:44:00','127.0.0.1'),
	(12,1,'2014-04-22 22:57:00','127.0.0.1'),
	(13,1,'2014-04-22 22:59:00','127.0.0.1'),
	(14,1,'2014-04-22 23:21:00','127.0.0.1'),
	(15,1,'2014-04-22 23:52:00','127.0.0.1'),
	(16,1,'2014-04-23 19:31:00','127.0.0.1'),
	(17,1,'2014-04-24 10:36:00','127.0.0.1'),
	(18,1,'2014-04-24 18:11:00','127.0.0.1'),
	(19,1,'2014-04-24 23:04:00','127.0.0.1'),
	(20,1,'2014-04-27 17:58:00','127.0.0.1'),
	(21,1,'2014-04-29 20:08:00','127.0.0.1'),
	(22,1,'2014-04-30 00:38:00','127.0.0.1'),
	(23,1,'2014-04-30 10:27:00','127.0.0.1'),
	(24,1,'2014-04-30 12:48:00','127.0.0.1'),
	(25,1,'2014-04-30 15:32:00','127.0.0.1'),
	(26,1,'2014-05-01 12:23:00','127.0.0.1'),
	(27,1,'2014-05-02 12:43:00','127.0.0.1'),
	(28,1,'2014-05-04 13:15:00','127.0.0.1'),
	(29,1,'2014-05-05 19:51:00','127.0.0.1'),
	(30,1,'2014-05-07 14:20:00','127.0.0.1'),
	(31,1,'2014-05-07 20:08:00','127.0.0.1'),
	(32,1,'2014-05-07 22:37:00','127.0.0.1'),
	(33,1,'2014-05-08 09:05:00','127.0.0.1'),
	(34,1,'2014-05-08 14:50:00','127.0.0.1'),
	(35,1,'2014-05-08 17:58:00','127.0.0.1'),
	(36,1,'2014-05-08 23:21:00','127.0.0.1'),
	(37,1,'2014-05-09 18:54:00','127.0.0.1'),
	(38,1,'2014-05-14 19:09:00','127.0.0.1'),
	(39,1,'2014-05-15 17:47:00','127.0.0.1'),
	(40,1,'2014-05-15 22:06:00','127.0.0.1'),
	(41,1,'2014-06-14 12:55:00','127.0.0.1'),
	(42,1,'2014-08-03 10:43:00','127.0.0.1'),
	(43,1,'2014-08-11 10:13:00','127.0.0.1'),
	(44,1,'2014-08-23 12:11:00','127.0.0.1'),
	(45,1,'2014-09-01 16:03:00','127.0.0.1'),
	(46,1,'2014-09-03 16:44:00','127.0.0.1');



# Dump of table kontinenti
# ------------------------------------------------------------


CREATE TABLE `kontinenti` (
  `id` int(11) unsigned NOT NULL AUTO_INCREMENT,
  `kontinent` varchar(40) DEFAULT NULL,
  PRIMARY KEY (`id`)
) ENGINE=InnoDB DEFAULT CHARSET=utf8;


INSERT INTO `kontinenti` (`id`, `kontinent`)
VALUES
	(1,'Evropa'),
	(2,'Amerika'),
	(3,'Azija'),
	(4,'Afrika'),
	(5,'Australija'),
	(6,'Antartika');



# Dump of table listaslika
# ------------------------------------------------------------


CREATE TABLE `listaslika` (
  `id` int(11) unsigned NOT NULL AUTO_INCREMENT,
  `galerija_id` int(20) DEFAULT NULL,
  `slika` varchar(100) DEFAULT NULL,
  `default` int(1) DEFAULT NULL,
  PRIMARY KEY (`id`)
) ENGINE=InnoDB DEFAULT CHARSET=utf8;


INSERT INTO `listaslika` (`id`, `galerija_id`, `slika`, `default`)
VALUES
	(18,2,'test-1-DSC_0001.jpg',1),
	(21,2,'test-1-DSC_0772.jpg',0),
	(24,2,'test-1-DSC_0745.jpg',0),
	(27,2,'test-1-DSC_1041.jpg',0),
	(28,2,'test-1-DSC_0769.jpg',0),
	(29,3,'nova-gl-0d968ce4b69bcf1734d9c287e2d9f8ed13f2c49701bcbe4a9d2363033600e952.jpg',1),
	(30,3,'nova-gl-0a7cd01dcdadaa052e76e87afb57d19487d158818fa0cc752fb0f07988c6b957.jpg',0);



# Dump of table nacinputovanja
# ------------------------------------------------------------


CREATE TABLE `nacinputovanja` (
  `id` int(11) unsigned NOT NULL AUTO_INCREMENT,
  `title` varchar(20) DEFAULT NULL,
  `klasa` varchar(50) DEFAULT NULL,
  PRIMARY KEY (`id`)
) ENGINE=InnoDB DEFAULT CHARSET=utf8;


INSERT INTO `nacinputovanja` (`id`, `title`, `klasa`)
VALUES
	(1,'Autobus','bus'),
	(2,'Avion','avion'),
	(3,'Automobil','auto'),
	(4,'Put oko svijeta','svasta');



# Dump of table newsletter
# ------------------------------------------------------------


CREATE TABLE `newsletter` (
  `id` int(11) unsigned NOT NULL AUTO_INCREMENT,
  `ime` varchar(50) DEFAULT NULL,
  `prezime` varchar(50) DEFAULT NULL,
  `email` varchar(100) DEFAULT NULL,
  `ip` varchar(25) DEFAULT NULL,
  `datum` datetime DEFAULT NULL,
  `popup` bit(1) DEFAULT NULL,
  PRIMARY KEY (`id`)
) ENGINE=InnoDB DEFAULT CHARSET=utf8;


INSERT INTO `newsletter` (`id`, `ime`, `prezime`, `email`, `ip`, `datum`, `popup`)
VALUES
	(1,'j','j','k','j','0000-00-00 00:00:00',NULL),
	(2,NULL,NULL,'test@teda.com','127.0.0.1','2014-02-12 17:00:00',NULL),
	(3,NULL,NULL,'damir@dash.ba','127.0.0.1','2014-02-12 17:48:10',NULL),
	(4,NULL,NULL,'damir@dash.ba','127.0.0.1','2014-02-12 17:48:31',NULL),
	(5,NULL,NULL,'damir@dash.ba','127.0.0.1','2014-02-12 17:48:44',NULL),
	(6,'damir',NULL,'damir@dash.ba','127.0.0.1','2014-02-17 19:03:27',NULL);



# Dump of table opcije
# ------------------------------------------------------------


CREATE TABLE `opcije` (
  `id` int(11) unsigned NOT NULL AUTO_INCREMENT,
  `opcija` varchar(30) DEFAULT NULL,
  `naziv` varchar(100) DEFAULT NULL,
  `aktivna` int(11) DEFAULT NULL,
  `posljednjaizmjena` datetime DEFAULT NULL,
  `korisnik` int(11) DEFAULT NULL,
  PRIMARY KEY (`id`)
) ENGINE=InnoDB DEFAULT CHARSET=utf8;


INSERT INTO `opcije` (`id`, `opcija`, `naziv`, `aktivna`, `posljednjaizmjena`, `korisnik`)
VALUES
	(1,'sticker','Stickeri na screenu',1,NULL,NULL);



# Dump of table opisidestinacija
# ------------------------------------------------------------


CREATE TABLE `opisidestinacija` (
  `id` int(11) unsigned NOT NULL AUTO_INCREMENT,
  `grad_id` int(11) DEFAULT NULL,
  `drzava_id` int(11) DEFAULT NULL,
  `tip_opisa` int(11) DEFAULT NULL,
  `opis` text,
  `aktivno` int(1) DEFAULT NULL,
  `datumdodavanja` datetime DEFAULT NULL,
  `korisnik` int(11) DEFAULT NULL,
  `brojpregleda` int(20) DEFAULT NULL,
  PRIMARY KEY (`id`)
) ENGINE=InnoDB DEFAULT CHARSET=utf8;


INSERT INTO `opisidestinacija` (`id`, `grad_id`, `drzava_id`, `tip_opisa`, `opis`, `aktivno`, `datumdodavanja`, `korisnik`, `brojpregleda`)
VALUES
	(1,1,NULL,2,'',1,NULL,NULL,NULL),
	(3,2,NULL,2,'<p>testr</p>',1,'2014-04-22 19:34:00',1,NULL),
	(4,0,1,1,'<p>test za bosnu i hercegovicu a</p>',1,'2014-04-23 23:48:00',1,NULL),
	(5,1,1,3,'<p>&nbsp;tea sfaasfa</p>',1,'2014-04-24 00:35:00',1,NULL),
	(6,0,2,1,'<p>test tstest</p>',1,'2014-04-24 00:37:00',1,NULL),
	(7,1,1,5,'<p>&nbsp;tea sfaasfa</p>',1,'2014-04-24 01:08:00',1,NULL),
	(8,1,1,6,'<p>pubovi</p>',1,'2014-04-24 01:10:00',1,NULL),
	(9,3,2,2,'',1,'2014-04-24 01:14:00',1,NULL),
	(10,3,2,3,'<p>sa sg dgdsgsdgs gdsags</p>',1,'2014-04-24 01:15:00',1,NULL),
	(11,3,2,5,'<p>sdg dg dsfhsds gasdga</p>',1,'2014-04-24 01:16:00',1,NULL),
	(12,3,2,6,'<p>sdg dsagasga</p>',1,'2014-04-24 01:19:00',1,NULL),
	(13,0,7,1,'<div>Ova država smje&scaron;tena u centralnoj Europi, jedna je od najstarijih europskih država.</div>\n<p style=\"text-align: justify;\">Ono &scaron;to je čini iznimno interesantnom je njena unikatna kultura, potpuno različita od njenih susjednih zemalja. Dana&scaron;nji Mađari su direktni potomci plemena iz centralne Azije, koji su se na ove prostore nastanili jo&scaron; u 9.stoljeću. Sa sobom su donijeli jedinstven jezik i kulturu, koja se održala u gotovo izvornom obliku unatoč brojnim stranim okupacijama. Posebnost njihove kulture i razlike u odnosu na susjedne zemlje možda je najbolje opisao Nobelovac Enrico Fremi koji je na pitanje da li vjeruje u postojanje vanzemaljaca izjavio: \"<em>Da, oni su medju nama, samo sebe zovu Mađarima</em>\". Upravo kultura, jezik i identitet su najveći ponos građana Mađarske.</p>\n<p style=\"text-align: justify;\">Mađarska je prepuna prelijepih gradova i sela, elegantnih palata, moćnih zamkova, kao i fantastičnih prirodnih ljepota. Svakako centralna destinacija u Mađarskoj je njen glavni grad i jedan od najljep&scaron;ih gradova svijeta Budimpe&scaron;ta. Ovaj fascinatni grad, zbog svoje ljepote prozvan Biser Dunava, odu&scaron;evljava na svakom koraku svojom historijom i arhitekturom. Ipak, Budimpe&scaron;ta nije jedino mjesto vrijedno posjeta u Mađarskoj. Gradovi poput Eger, P&eacute;cs, Szentendre, Sopron, Gy&ouml;ra i Szegeda su interesantna historijska sredi&scaron;ta sa prelijepom arhitekturom i &scaron;armom.</p>\n<p style=\"text-align: justify;\">Svakako nezaobilazna destinacija je i najveće jezero centralne Europe-Balaton, iznimno popularno mjesto kako medju stranim posjetiteljima, tako i medju Mađarima. Mađarska je poznata i po brojnim ljekovitim izvorima, a njene tradicionalne banje su nadaleko čuvene.</p>\n<p style=\"text-align: justify;\">Neizostavna je i degustacija nekih od specijaliteta čuvene madjarske kuhinje. Uz poznato gostoprimstvo njenih gradjana, te&scaron;ko je ne složiti se s nacionalnim turističkim sloganom: \"<em>Mađarska-ljubav za cijeli živo</em>t\"!</p>',1,'2014-04-24 01:50:00',1,NULL),
	(14,2,1,3,'<p>&nbsp;tea sfaasfa</p>',1,'2014-04-24 01:52:00',1,NULL),
	(15,2,1,4,'<p>novni zivot saraevo</p>',1,'2014-04-24 01:56:00',1,NULL),
	(16,NULL,1,4,'<p>novni zivot</p>',0,'2014-04-24 02:00:00',1,NULL),
	(17,1,1,4,'<p>novni zivot u sarajevu</p>',1,'2014-04-24 02:00:00',1,NULL),
	(18,6,7,2,'<p>BUDAPEST CARD<br /><br />Budapest Card je zvanična turistička kartica grada. Možete uzeti karticu koja vrijedi 24h (5.500 HUF), 48 sati (6.900 HUF) ili 72 sata (8.300 HUF). U cijenu kartice je uključena neograničena vožnja javnim prijevozom za vrijeme trajanja kartice, kao i mnogobrojni popusti pri ulazima u muzeje i gradske znamenitosti, restoranima, radnjama...Kartica se može kupiti na nekim od mnogih mjesta u gradu poput info ureda, hotela i turističkih agencija, kao i on-line.<br /><br />Web: http://www.budapest-card.com<br /><br /><br />NOVAC<br /><br />Novac u gradu je Madjarska Forinta (HUF), koja prema kursu iznosi oko 1 EUR=290 HUF.<br /><br />Novac možete zamijeniti u nekoj od mnogih mjenjačnica, od kojih je najveći broj smje&scaron;ten u centralnoj gradskoj zoni. Takodjer novac je moguće zamijeniti u poslovnicama banaka i po&scaron;tanskim uredima. U centralnoj gradskoj ulici vam se može desiti da vam pojedinci nude povoljan kurs za promjenu novca, međutim izbjegavajte takve transakcije budući da je riječ o prevari. Bankomati su rasprostranjeni &scaron;irom grada, dok je kartično plaćanje omogućeno u većini objekata.<br /><br />Ostavljanje napojnice na primljenu uslugu je bitan dio kulture grada. Tako da je običaj u restoranima i barovima ostaviti napojnicu između 10-15%. Preporučujemo da uvijek uz sebe imate 100-200 HUF, koliko se smatra prikladnom napojnicom za manje usluge.<br /><br /><br />TRANSPORT<br /><br />Budući da je većina gradskih znamenitosti smje&scaron;tena u centru grada i relativno blizu jedna drugoj, vjerovatno najbolji način da obidjete grad je pje&scaron;ke. Ukoliko se ipak odlučite za kori&scaron;tenje gradskog prevoza na raspolaganju vam stoji vi&scaron;e vrsta prevoza. Javnim gradskim prevozom rukovodi preduzeće BKV u čijoj nadležnosti se nalaze metro,autobus, tramvaj i trolejbus sistem.<br /><br />Metro sistem je sastavljen od tri linije(žuta, plava, crvena) koje presijecaju cijeli grad. Tramvajska i trolejbuska mreža su izuzetno ra&scaron;irene, dok je autobus najpopularniji vid javnog gradskog prevoza sa preko 200 linija. Javni prevoz u gradu prestaje oko 23h, s tim da postoji vi&scaron;e noćnih autobuskih linija.<br /><br />Karte je moguće kupiti na automatima za kupovinu karata, uredima na stanicama metroa, kao i na kioscima i u po&scaron;tanskim uredima. Na pojedinim linijama karte je moguće kupiti i kod vozača. Možete kupiti pojedinačna kartu koja ko&scaron;ta 320 HUF i vrijedi sat vremena za jednu vožnju bez presjedanja izmedju metroa, autobuskih, tramvajskih i trolejbuskih linija. Ukoliko pak kupite transfer kartu koja ko&scaron;ta 490 HUF možete izvr&scaron;iti jedno presjedanje izmedju različitih vrsta javnog gradskog prevoza unutar 90 minuta koliko vrijedi karta. Napomena: kartu je potrebno poni&scaron;titi dva puta, odnosno pri ulasku u svako od vozila. Također napomena da su kontrole unutar vozila jako česte, a ukoliko niste poni&scaron;tili kartu kazne su izuzetno velike. Cijena dnevne karte je 1.550 HUF, trodnevne 3.850 HUF, a sedmične 4.600 HUF.<br /><br />Taxi je prilično jeftin, a pogotovo je isplativ u noćnim satima kada prestaje sa radom javni gradski prevoz. Licencirana vozila imaju žute registarske tablice, te izbjegavatje taxije bez istih. U Budimpe&scaron;ti vam je na raspolaganju i vožna uspinjačom (Sikl&oacute;) za koji vožnja u jednom pravcu ko&scaron;ta 840 HUF, a u oba smjera 1.450 HUF.<br /><br />Web: www.bkv.hu<br /><br /><br />KLIMA<br /><br />U Budimpe&scaron;ti vlada umjerna klima, sa izraženim godi&scaron;njim dobima.<br /><br />Proljeća su topla i sa vrlo malo padavina, tako da je to i idealno vrijeme za posjet. Ljeta su prilično vrela, a nisu rijetke i temperature izmedju 32-35oC.<br /><br />Jeseni su takodjer blage, a temperature preko 20oC se znaju zadržati i do kraja Oktobra. Zime su jake i prilično hlade s temperaturama i do -10&deg;C. Snježne padavine su rijetke i kratkotrajne.<br /><br /><br />HRANA<br /><br />Madjarska je poznata po odličnoj kuhinji, koju odlikuje jako začinjena hrana. Probajte neke od nacionalnih specijaliteta poput raznih gula&scaron;a, paprika&scaron;a, Gulyasleves, Lesco, Toltott paprika, Palocz supa..Tradicionalna mjesta za degustaciju su čarde, s tim da većina restorana u sredi&scaron;tu grada nudi kako nacionalne tako i internacionalne specijalitete. Najbolje mjesto za uživanje u gastronomskoj ponudi grada je List Ferenc trg, koji je prepun restorana koje jednako posjećuju i turisti i lokalno stanovni&scaron;tvo. Također, duž Andrassy Avenije i zone oko Raday utca smje&scaron;teni su mnogi poznati restorani.<br /><br />Nacionalna kuhinja poznata je i po ukusnim delicijama poput Szilvas gomboc, Gesztenyepure i mnogih vrsta kolača, od kojih je napoznatija Dobo&scaron; torta.</p>',1,'2014-04-24 23:10:00',1,NULL),
	(19,6,7,1,'<p>Dobrodo&scaron;li u Biser Dunava, magičnu, prelijepu Budimpe&scaron;tu!<br /><br />Grad nastao 1873.godine spajanjem dva manja grada, ravničarskog Pe&scaron;te i Budima smje&scaron;tenog na uzbrdici. Moćni Dunav svojim tokom naprosto nježno spaja, a ne razdvaja ova dva dijela grada. Slavna pro&scaron;lost ovog grada vidljiva je svuda po gradu. Na budimskoj strani grada smjestio se i kompleks Buda Dvora, unutar kojeg se nalazi i Kraljevska palata, s kojeg se pruža prelijep pogled na grada. Takodjer, tu su i Matija&scaron; crkva-krunsko mjesto, kao i Ribarski bastion-prelijepi objekt sa sedam bijelih tornjeva koji simboliziraju sedam madjarskih plemana osnivača nacije i države. Nakon obliska kompleksa, spustitite se uspinjačom i zaputite prema pe&scaron;tanskom dijelu grada. Put preko Dunava vodi preko jednog od simbola grada, najstarijeg mosta u gradu, prelijepog Lančanog mosta.<br /><br />Prepustite se istraživanju stare jezgre grada i &scaron;etnji kroz čuvenu Vaci utca, koju možete iskoristiti za dobra &scaron;oping ili jednostavno predah u nekom od brojnih restorana uz poznatu madjarsku kuhinju. Dalja &scaron;etnja će vas dovesti do glavnog simbola grada grandioznu zgradu Parlamenta, treće po veličini zgrade tog tipa u svijetu. Budimpe&scaron;ta je i svjetovni centar zemlje, pa se tu nalazi i mnogo religijskih objekata. Posjetite baziliku sv.Stjepana u kojoj se čuva relikvija mumificirana ruka prvog madjarskog kralja. Također u neposednoj blizini se nalazi i najveća sinagoga u Europi-Dohany sinagoga.<br /><br />Ukoliko ste umori od obilaska opustite se u nekom od parkova kojima grad obliuje, poput Margaret otoka ili pak brda Gellert. Takodjer, za opu&scaron;tanje preporučujemo i posjetu nekim od tradicionalnih banja poput Sz&eacute;chenyi, Gellert, Rudas...Ukoliko ste i na kraju dana raspoloženi za zabavu, iskusite nadaleko poznati noćni život koji grad nudi, uz brojne klubove i barove i odličnu atmosferu.<br /><br />Sve ovo, uz legendarno gostoprimstvo gradjana, garant su nezaboravnog posjeta Budimpe&scaron;ti!</p>',1,'2014-04-24 23:43:00',1,NULL),
	(20,6,7,3,'<p><strong>LANČANI MOST<br /><img src=\"http://putujmo.ba/images/stories/galerije/evropa/madarska/budimpesta_ostalo/znam2.jpg\" alt=\"znam2\" width=\"667\" height=\"300\" />&nbsp;</strong></p>\n<p style=\"text-align: justify;\">Jedan od najprepoznatiljivijih simbola grada Lančani most (Sz&eacute;chenyi l&aacute;nch&iacute;d) ujedno je i prvi stalni most između Budima i Pe&scaron;te, koji su do tada bili povezani samo pontonskim mostom.</p>\n<p style=\"text-align: justify;\">Ideja o gradnji ovog mosta potekla je od grofa Istv&aacute;n Sz&eacute;chenyi koji se na&scaron;ao u problemima zbog vremenskih prilika. Naime, tokom zime 1820.godine pontonski most je zbog lo&scaron;eg vremena bio zatvoren, onemogućavajući grofa Sz&eacute;chenyi da prisustvuje očevoj sahrani. To je bio razlog koji je grofa Sz&eacute;chenyi naveo da obeća da će sagraditi stalni most, te je grof u predstojećim godinama postao glavni zagovornik gradnje mosta i osnivač dru&scaron;tva koje je finansiralo izgradnju mosta.</p>\n<p style=\"text-align: justify;\">Izgradnja je počela 1842.godine i trajala je sedam godina, a glavni projektant je bio &Scaron;kot Adam Clark. Nakon zavr&scaron;etka radova, most je smatran jedinim od svjetskih čuda. Prema legendi, projektant Clark je toliko bio ponosan na svoje remek-djelo da je javno izazvao sviju da probaju naći gre&scaron;ku na njegovom mostu. Kada je ustanovljeno da skulpture lavova koje se nalaze na obje strane mosta nemaju jezik, Clark je od srama počinio samoubistvo. Ovo je naravno urbana legenda(skulpture lavova u stvarnosti imaju jezik, koji nije vidljiv sa ulice).</p>\n<p><strong><br />PARLAMENT<br /><img src=\"http://putujmo.ba/images/stories/galerije/evropa/madarska/budimpesta_ostalo/znam3.jpg\" alt=\"znam3\" width=\"667\" height=\"300\" />&nbsp;</strong></p>\n<p style=\"text-align: justify;\">Spektakularna zgrada Mađarskog nacionalnog parlamenta(Orsz&aacute;gh&aacute;z) bez dileme predstavlja najpoznatiji simbol grada.</p>\n<p style=\"text-align: justify;\">Gradnja je započeta 1885.godine, a zgrada je otvorena 1896.godine na 1000.obljetnicu dolaska Madjara na to područje. Sagradjena je u Neogotičkom stilu, mada su primjetni i elementi Renesanse i Baroka. Ovo masivno zdanje predstavlja ujedno i treći najveći parlament u svijetu, a drugi po veličini u Europi. Prostire se 268 metara u dužinu, dok je najvi&scaron;a tačka zgrade vrh kupole koji je visok 96 metara. Zgrada ima 691 sobu, 20 kilometara stepenica, a tokom gradnje je iskori&scaron;teno 40 kilograma zlata. Zbog utjecaja atmosferskog zagađenja, česte rekonstrukcije fasade parlamenta su neophodne, tako da vas ne začudi ukoliko prilikom va&scaron;e posjete dio zgrade bude opasan skelama. Parlament se nalazi na trgu Kossuth Lajos koji je ime dobio po biv&scaron;em predsjedniku Madjarske iz 1849 godine. Zbog pozicije i veličine zdanja, najljep&scaron;i pogled se pruža sa suprotne obale ili sa neke od brodica na Dunavu.</p>\n<p style=\"text-align: justify;\">Za razliku od većine parlamentarnih zgrada, posjet i obilazak je omogućen. Ulaz se nalazi na vratima br. 10, a ulaznice se mogu kupiti od 8h do 18h radnim danom, odnosno do 16h vikendom. Građani EU mogu besplatno obići zgradu parlamenta, dok za sve ostale ulaz ko&scaron;ta 3.500 HUF, za studente 1.750 HUF. Grupni turistički obilazak na engleskom jeziku počinje svakim danom u 10h, 12h i 14h.</p>\n<p><strong>Web: </strong><a href=\"http://www.parlament.hu/angol/angol.htm\">http://www.parlament.hu/angol/angol.htm</a></p>\n<p><br /><strong>BUDA DVOR<br /><img src=\"http://putujmo.ba/images/stories/galerije/evropa/madarska/budimpesta_ostalo/znam1.jpg\" alt=\"znam1\" width=\"667\" height=\"300\" />&nbsp;</strong></p>\n<p style=\"text-align: justify;\">Kompleks Buda dvorca predstavlja jedanu od nezaobilaznih destinacija u va&scaron;oj posjeti Budimpe&scaron;ti.</p>\n<p style=\"text-align: justify;\">Prve građevine unutar ovog kompleksa, koji se nalazi na Buda strani grada, sagrađene su jo&scaron; u 13.stoljeću. Zlatno doba grada Buda bilo je u 15.stoljeću, nakon vječanja kralja Matthias Corvinus i Beatrix od Napulja, kada su brojni italijanski umjetnici i majstori slijedili novu kraljicu, te kada Buda postaje važan grad u Europi. Nakon Osmanske okupacije, grad je ostao u ru&scaron;evinama. I dok je grad obnovljen, kompleks Buda dvorca je postao administrativno sjedi&scaron;te. Također, tokom II svjetskog rata područje je u potpunosti uni&scaron;teno, te je nakon rata u cjelosti obnovljeno.</p>\n<p style=\"text-align: justify;\">Sa brojnim zanimljivim građevinama, crkvama, starim kućama i ulicama i možda najljep&scaron;im pogledom koji se pruža na grad svakako je jedna od najvažnijih znamenitosti grada. Zanimljivo je da su mnoge od kuća unutar kompleksa i danas privatni stambeni objekti, a neke od njih potjeću jo&scaron; iz 14 stoljeća. Kompleksom dominira veličanstvena Kraljevska palata. Danas u sklopu kompleksa funkcioniraju i Madjarska nacionalna galarija, Muzej historije Budimpe&scaron;te, te Nacionalna biblioteka. Cjelokupan kompleks se nalazi pod UNESCO za&scaron;titom kao dio svjetske kulturne ba&scaron;tine. Prepustite se istraživanju kompleksa, koji kao da vas vraća u davna vremena. Svakako nezaobilazan je posjet Matyas crkvi, kao i Ribarskom bastion(Hal&aacute;szb&aacute;stya). Do kompleska je moguće doći sa vi&scaron;e strana, dok je najdomljivija vožnja uspinjačom, ili Siklom, od Lančanog mosta do vrha kompleksa. Kompleks je otvoren svaki dan i ulaz je besplatan.</p>\n<p><br /><strong>TRG HEROJA<br /><img src=\"http://putujmo.ba/images/stories/galerije/evropa/madarska/budimpesta_ostalo/znam5.jpg\" alt=\"znam5\" width=\"667\" height=\"300\" />&nbsp;</strong></p>\n<p style=\"text-align: justify;\">Na kraju Andr&aacute;ssy Aveniji smje&scaron;ten je najveći i najimpresivniji trg u gradu-Trg heroja(Hős&ouml;k tere).</p>\n<p style=\"text-align: justify;\">Sagrađen 1896.godine sa ciljem obilježavanja 1000 obljetnice dolaska Madjara na ove prostore, danas predstavlja jedanu od najposjećenijih znamenitosti grada. Trg je okružen sa dvije značajne zgrade: Muzej lijepih umjetnosti (Sz&eacute;pm&ucirc;v&eacute;szeti, www.szepmuveszeti.hu) i Muzej savremene umjetnosti (Műcsarnok, www.mucsarnok.hu).</p>\n<p style=\"text-align: justify;\">U centralnom dijelu trga nalazi se Milenijski spomenik, nazvan po 1000. obljetnici madjarskog doseljavanja. U sklopu spomenika nalaze se i statue sedam plemenskih vođa Madjara, i mnogih drugih historijskih ličnosti, poput kralja Stjepana, Bele IV., Matija&scaron;a Korvina i Lajo&scaron;a Ko&scaron;uta. Kada je spomenik pravljen, Mađarska je bila dio Austro-Ugarskog carstva, tako da su svoje mjesto na spomeniku na&scaron;le i statue članova vladajuće Habsburg dinastije. Ipak, nakon II Svejetskog rata iste su zamijenjene statuama nacionalnih heroja i boraca za slobodu. Centralnim dijelom spomenika dominira 36 metara visok stup, na vrhu kojeg se nalazi kip arkanđela Gabrijela. U podnožju spomenika se nalazi grobnica nepoznatog vojnika.</p>\n<p><br /><strong>BANJE BUDIMPE&Scaron;TE<br /><img src=\"http://putujmo.ba/images/stories/galerije/evropa/madarska/budimpesta_ostalo/znam4.jpg\" alt=\"znam4\" width=\"667\" height=\"300\" />&nbsp;</strong></p>\n<p style=\"text-align: justify;\">Budimpe&scaron;ta nema bez razloga nadimak \"Grad banja\". Madjarska je zemlja bogata termalnim vodama, a Budimpe&scaron;ta je jedina prijestolnica na svijetu koja se može pohvaliti termalnim i ljekovitim izvorima. Tako da je posjeta jednoj od mnogih banja svakako nezaobilazan dio doživljaja grada. Banje su većinom otvorene svaki radni dan, a ulaz se kreće od 1.000 do 4.000 HUF u zavisnosti od banje i vremenskog važenja karte. Najpoznatije banje u gradu su Sz&eacute;chenyi, Gellert, Rudas, Kiraly..</p>\n<p>Web: <a href=\"http://www.szechenyibath.com/\">http://www.szechenyibath.com/</a> ;</p>\n<p><a href=\"http://www.gellertbath.com/\">http://www.gellertbath.com/</a> ;</p>\n<p><a href=\"http://www.rudasbaths.com/\">http://www.rudasbaths.com/</a> ;</p>\n<p><br /><strong>BAZILIKA Sv.STJEPANA<br /><img src=\"http://putujmo.ba/images/stories/galerije/evropa/madarska/budimpesta_ostalo/znam6.jpg\" alt=\"znam6\" width=\"667\" height=\"300\" /><br />&nbsp;</strong></p>\n<p style=\"text-align: justify;\">Bazilika predstavlja najveću crkvu u Budimpe&scaron;ti. Gradnja je započela 1851.godine i trajala je vi&scaron;e od 50 godina. Njena visina iznosi 96 metara, tačno kao i kupola Parlamenta, &scaron;to simbolično prikazuje ravnotežu između države i crkve u Madjarskoj. Također, prema gradskim propisima nijedna zgrada u gradu ne smije biti vi&scaron;a od ove dvije građevine. Svetac ove crkve je Sv.Stjepan, prvi kralj Madjarske, čija mumificirana desna ruka predstavlja relikviju koja se čuva unutar crkve. Savjet: popnite se uz svih 364 stepenika do vrha kupole i vidikovca sa kojeg se pruža prelijep pogled na grad. Ulaz u crkvu je besplatan, dok se ulaz na vidikovac naplaćuje 500 HUF.</p>\n<p>Preporučujemo jo&scaron;:</p>\n<p>- Margaret otok: <a href=\"http://en.wikipedia.org/wiki/Margaret_Island\">http://en.wikipedia.org/wiki/Margaret_Island</a> ;</p>\n<p>- Dohany Sinagoga: <a href=\"http://www.dohanyutcaizsinagoga.hu/\">http://www.dohanyutcaizsinagoga.hu/</a> ;</p>\n<p>- Gellert brdo i Citadel: <a href=\"http://en.wikipedia.org/wiki/Gell%C3%A9rt_Hill\">http://en.wikipedia.org/wiki/Gell%C3%A9rt_Hill</a> ;</p>\n<p>- Plovidbu Dunavom ;</p>\n<p>- Ribarski bastion: <a href=\"http://en.wikipedia.org/wiki/Fisherman%27s_Bastion\">http://en.wikipedia.org/wiki/Fisherman\'s_Bastion</a> ;</p>',1,'2014-04-24 23:44:00',1,NULL),
	(21,6,7,7,'<p style=\"text-align: justify;\">Budimpe&scaron;ta nudi zaista bogatu ponudu za dobru i prilično jeftinu kupovinu.</p>\n<p style=\"text-align: justify;\">Naravno glavna shopping zona je centralna &scaron;etali&scaron;na zona, poznata<strong> V&aacute;ci utca</strong> sa velikim brojem radnjih poznatih modnih marki(Zara, H&amp;M, C&amp;A...i sl.), caffea i restorana. U neposrednoj blizini u Deak Ferenc ulici nalazi se i ulica mode <strong>Fashion street</strong> sa ekskluzivnim modnim markama poput Hugo Boss, Tommy Hilfiger, Max Mara, Mexx, Lacoste...Također, radnje eksluzivnih modnih marki se mogu naći i u <strong>Andr&aacute;ssy Aveniji</strong> gdje se nalaze radnje brandova poput Louis Vuitton, Burberry, Gucci, Roberto Cavalli, Ermenegildo Zegna...Dobra mjesta za kupovinu se nalaze i u ulicama <strong>Bajcsy-Zsilinszky utca i R&aacute;k&oacute;czi</strong> &uacute;t.</p>\n<p style=\"text-align: justify;\">Za kupovinu se možete odlučiti i u jednom od brojnih modernih tržnih centara. Zbog nedostatka prostora, većina tržnih centara je smje&scaron;tena van centralne gradske zone. Ipak jedan od boljih centara je smje&scaron;tan u samoj V&aacute;ci utca- <strong>WestEnd City Center</strong>&nbsp;( <a href=\"http://www.westend.hu\">www.westend.hu</a> ). Sa preko 400 radnji nudi odličan izbor za kupovinu i zabavu. Preporuka je da posjetite galeriju koja se nalazi na vrhu centra.</p>\n<p style=\"text-align: justify;\">Svakako nezaobilazna destinacija za kupovinu u Budimpe&scaron;ti je centar <strong>Arena Plaza</strong>&nbsp;( <a href=\"http://www.arenaplaza.hu\">www.arenaplaza.hu</a> ) sa povr&scaron;inom od 66.000 m2 ujedno i najveći tržni centar Centralne Europe. Nalazi se uz željezničku stanicu Keleti i nudi sjajanu ponudu modnih prodavnica, zabave, restorana, kina....<br /><br /><img src=\"http://putujmo.ba/images/stories/galerije/evropa/madarska/budimpesta_ostalo/shopping.jpg\" alt=\"shopping\" width=\"677\" height=\"208\" />&nbsp;</p>\n<p style=\"text-align: justify;\">Od popularnijih tržnih centara tu su jo&scaron; i <strong>Mammuti</strong>&nbsp;( <a href=\"http://www.mammut.hu\">www.mammut.hu</a> ), <strong>Corvin</strong>(www.corvinbevasarlokozpont.hu), <strong>Koki Terminal</strong>( <a href=\"http://www.kokiterminal.hu\">www.kokiterminal.hu</a> ), <strong>Arkad</strong>( <a href=\"http://www.arkadbudapest.hu\">www.arkadbudapest.hu</a> )...</p>\n<p style=\"text-align: justify;\">Ukoliko ste zainteresovani za djela nekih od mladih madjarskih dizajnera, najbolje je da se zaputite Kiraly utca.</p>\n<p style=\"text-align: justify;\">Radnje sa tradicionalnim madjarskim suvenirima su smje&scaron;tene duž glavne gradske zone Vaci utce.</p>',1,'2014-04-24 23:46:00',1,NULL),
	(22,6,7,4,'<p>Budimpe&scaron;ta je grad vrlo bogatog i unikatnog noćnog života.</p>\n<p style=\"text-align: justify;\">Noćni provod je najbolje započeti u nekom od barova na Liszt Ferenc trgu, od kojih su najpopularniji <strong>Negro i White Heaven</strong>..U centru grada su popularni klubovi poput <strong>B7</strong> ( <a href=\"http://www.bseven.hu\">www.bseven.hu</a> ), <strong>Moulin Rougea</strong> ( <a href=\"http://www.moulinrouge.hu\">www.moulinrouge.hu</a> ), <strong>Morrison\'s</strong>( <a href=\"http://www.morrisons.hu\">www.morrisons.hu</a> )&nbsp;<strong>Caf&eacute; del Rio</strong>( <a href=\"http://www.rio.hu\">www.rio.hu</a> ), <strong>E-Klub</strong> ( <a href=\"http://www.e-klub.hu/index.php\">http://www.e-klub.hu/index.php</a> ), <strong>Klub Vittula</strong> ( http://www.vittula.hu/ ).<br /><br />&nbsp;</p>\n<p style=\"text-align: justify;\">Također dobar provod vas čeka na obalama Dunava na kojima se nalaze mnogobrojni klubovi na brodovima, a najpoznatiji je <strong>A38</strong> ( <a href=\"http://www.a38.hu\">www.a38.hu</a> ). Na Dunavu se nalazi i <strong>Hajogyari Sziget</strong>(Otok brodogradili&scaron;te) otok posvećen zabavi sa nizom popularnih klubova kao &scaron;to su <strong>Dokk</strong> ( <a href=\"http://www.dokkdisco.hu\">www.dokkdisco.hu</a> ), <strong>Studio</strong> ( <a href=\"http://www.studio-eh.hu\">www.studio-eh.hu</a> ), <strong>Bed Beach</strong> ( <a href=\"http://www.bedbeach.hu\">www.bedbeach.hu</a> ), <strong>Coronita</strong> ( <a href=\"http://www.clubcoronita.hu\">www.clubcoronita.hu</a> ), <strong>Mokka Cuka</strong> ( <a href=\"http://www.mokkacuka.com\">www.mokkacuka.com</a> ). Ovaj otok je i mjesto održavanja jednog od najpopularnijih festivala Europe \"<strong>Sziget Festivala</strong>\"( <a href=\"http://www.sziget.hu\">http://www.sziget.hu</a> ). U klubovima su zastupljeni razni žanrovi muzike, a veoma su česta gostovanja svjetskih muzičkih zvijezda.<br /><br /><img style=\"float: right; margin-bottom: 5px; margin-left: 15px;\" src=\"http://putujmo.ba/images/stories/galerije/evropa/madarska/budimpesta_ostalo/nocni%202.jpg\" alt=\"nocni 2\" width=\"250\" height=\"156\" />&nbsp;</p>\n<p style=\"text-align: justify;\">Posebnost noćnog života grada čine i tzv.<strong>\"Ru&scaron;evni pubovi</strong>\". Koncept je da se stare i napu&scaron;tene zgrade, uz minimalne opravke i dekoracije, pretvaraju u popularna okupljali&scaron;ta mladih sa raznolikim programom. Mnogi od ovih pubova su privremenog karaktera i traju nekada i samo jednu sezonu. Najpopularniji pubovi su <strong>Corvinteto</strong>, <strong>Durer Kert</strong>, <strong>Fogashaz</strong>.. Budimpe&scaron;tu odlikuje i veliki broj blues i jazz mjesta, od kojih je najpopularniji <strong>Fat Mo\'s</strong> ( <a href=\"http://www.fatmo.hu\">www.fatmo.hu</a> ).</p>\n<p style=\"text-align: justify;\">Ulaz u pojedine barove i klubove se naplaćuje i iznosi od 500 do 1.500 HUF, dok su pića prilično jeftina.</p>',1,'2014-04-24 23:47:00',1,NULL),
	(23,0,0,1,'<p>test za bosnu i hercegovicu a</p>',1,'2014-04-27 18:13:00',1,NULL),
	(24,2,1,1,'<p>test</p>',1,'2014-09-01 16:48:00',1,NULL);



# Dump of table opisiponude
# ------------------------------------------------------------


CREATE TABLE `opisiponude` (
  `id` int(11) unsigned NOT NULL AUTO_INCREMENT,
  `korisne_informacije` text,
  `plan_puta` text,
  PRIMARY KEY (`id`)
) ENGINE=InnoDB DEFAULT CHARSET=utf8;


INSERT INTO `opisiponude` (`id`, `korisne_informacije`, `plan_puta`)
VALUES
	(1,'<p><strong>Budimpe&scaron;ta</strong></p>\n<p>Dobrodo&scaron;li u Biser Dunava, magičnu, prelijepu Budimpe&scaron;tu!</p>\n<p>Grad nastao 1873.godine spajanjem dva manja grada, ravničarskog Pe&scaron;te i Budima smje&scaron;tenog na uzbrdici. Moćni Dunav svojim tokom naprosto nježno spaja, a ne razdvaja ova dva dijela grada. Slavna pro&scaron;lost ovog grada vidljiva je svuda po gradu. Na budimskoj strani grada smjestio se i kompleks Buda Dvora, unutar kojeg se nalazi i Kraljevska palata, s kojeg se pruža prelijep pogled na grada. Također, tu su i Matija&scaron; crkva-krunsko mjesto, kao i Ribarski bastion-prelijepi objekt sa sedam bijelih tornjeva koji simboliziraju sedam madjarskih plemana osnivača nacije i države. Nakon oblaska kompleksa, spustite se uspinjačom i zaputite prema pe&scaron;tanskom dijelu grada. Put preko Dunava vodi preko jednog od simbola grada, najstarijeg mosta u gradu, prelijepog Lančanog mosta.</p>\n<p>Prepustite se istraživanju stare jezgre grada i &scaron;etnji kroz čuvenu Vaci utca, koju možete iskoristiti za dobra &scaron;oping ili jednostavno predah u nekom od brojnih restorana uz poznatu mađarsku kuhinju. Dalja &scaron;etnja će vas dovesti do glavnog simbola grada grandioznu zgradu Parlamenta, treće po veličini zgrade tog tipa u svijetu. Budimpe&scaron;ta je i svjetovni centar zemlje, pa se tu nalazi i mnogo religijskih objekata. Posjetite baziliku sv. Stjepana u kojoj se čuva relikvija mumificirana ruka prvog mađarskog kralja. Također u neposrednoj blizini se nalazi i najveća sinagoga u Europi-Dohany sinagoga.</p>\n<p>Ukoliko ste umori od obilaska opustite se u nekom od parkova kojima grad obliuje, poput Margaret otoka ili pak brda Gellert. Takodjer, za opu&scaron;tanje preporučujemo i posjetu nekim od tradicionalnih banja poput Sz&eacute;chenyi, Gellert, Rudas...Ukoliko ste i na kraju dana raspoloženi za zabavu, iskusite nadaleko poznati noćni život koji grad nudi, uz brojne klubove i barove i odličnu atmosferu.</p>','<p><strong style=\"line-height: 1.3em;\">1. DAN (30.04.2014. - Srijeda) BiH</strong></p>\n<p>Polazak iz BiH u večernjim satima. Noćna vožnja lux autobusom.</p>\n<p style=\"text-align: justify;\"><strong>2. DAN (01.05.2014. - Četvrtak) BUDIMPE&Scaron;TA</strong><br />Dolazak u Budimpe&scaron;tu u podnevnim satima i kraći panoramski razgled grada. Smje&scaron;taj u hotel (oko 14h). Slobodno vrijeme za odmor. Mogućnost fakultativnog izleta u neki od shoping centara. Povratak u hotel. Noćenje.</p>\n<p style=\"text-align: justify;\"><strong>3. DAN (02.05.2014. - Petak) BUDIMPE&Scaron;TA</strong><br />Doručak. Fakultativni obilazak grada (BUDIMSKA I PE&Scaron;TANSKA STRANA) panoramski obilazak znamenosti grada: Trg Heroja, Opera, katedrala Sv. Stefana, Gelertov spomenik, Ribarska kula, katedrala Sv. Matije, mostovi... Fakultativna vožnja brodom po Dunavu. U večernjim satima mogućnost organizacije fakultativnog odlaska u jednu od najboljih pe&scaron;tanskih čardi i uživanje u nacionalnim specijalitetima uz bogat kulturno- umjetnički program. Povratak u hotel. Noćenje.</p>\n<p><strong>4. DAN (03.05.2014. - Subota) BUDIMPE&Scaron;TA - BiH</strong></p>\n<p style=\"text-align: justify;\">Doručak. Odjava iz hotela. Polazak za BiH u prijepodnevnim satima uz kraća zaustavljanja i pauze radi odmora grupe. Vožnja na relaciji MAĐARSKA &ndash; HRVATSKA &ndash; BIH. Dolazak na odredi&scaron;te u večernjim satima.</p>'),
	(2,'<p>korisne info</p>','<p>plan puta</p>'),
	(3,'',''),
	(4,'',''),
	(5,'',''),
	(6,'',''),
	(7,'',''),
	(8,'<p>bec super, budimepest nako 12</p>','<p>bec pa budimpesta 3</p>'),
	(9,'<p>test korisne infote</p>','<p>test plan puta</p>'),
	(10,'',''),
	(11,'',''),
	(12,'',''),
	(13,'<strong>Budimpešta</strong><p>Dobrodošli u Biser Dunava, magičnu, prelijepu Budimpeštu!</p><p>Grad nastao 1873.godine spajanjem dva manja grada, ravničarskog Pešte i Budima smještenog na uzbrdici.\n                Moćni Dunav svojim tokom naprosto nježno spaja, a ne razdvaja ova dva dijela grada. Slavna prošlost ovog\n                grada vidljiva je svuda po gradu. Na budimskoj strani grada smjestio se i kompleks Buda Dvora, unutar\n                kojeg se nalazi i Kraljevska palata, s kojeg se pruža prelijep pogled na grada. Također, tu su i Matijaš\n                crkva-krunsko mjesto, kao i Ribarski bastion-prelijepi objekt sa sedam bijelih tornjeva koji\n                simboliziraju sedam madjarskih plemana osnivača nacije i države. Nakon oblaska kompleksa, spustite se\n                uspinjačom i zaputite prema peštanskom dijelu grada. Put preko Dunava vodi preko jednog od simbola\n                grada, najstarijeg mosta u gradu, prelijepog Lančanog mosta.</p><p>Prepustite se istraživanju stare jezgre grada i šetnji kroz čuvenu Vaci utca, koju možete iskoristiti za\n                dobra šoping ili jednostavno predah u nekom od brojnih restorana uz poznatu mađarsku kuhinju. Dalja\n                šetnja će vas dovesti do glavnog simbola grada grandioznu zgradu Parlamenta, treće po veličini zgrade\n                tog tipa u svijetu. Budimpešta je i svjetovni centar zemlje, pa se tu nalazi i mnogo religijskih\n                objekata. Posjetite baziliku sv. Stjepana u kojoj se čuva relikvija mumificirana ruka prvog mađarskog\n                kralja. Također u neposrednoj blizini se nalazi i najveća sinagoga u Europi-Dohany sinagoga.</p><p>Ukoliko ste umori od obilaska opustite se u nekom od parkova kojima grad obliuje, poput Margaret otoka\n                ili pak brda Gellert. Takodjer, za opuštanje preporučujemo i posjetu nekim od tradicionalnih banja poput\n                Széchenyi, Gellert, Rudas...Ukoliko ste i na kraju dana raspoloženi za zabavu, iskusite nadaleko poznati\n                noćni život koji grad nudi, uz brojne klubove i barove i odličnu atmosferu.</p>','<p>Odredbe ovih Opštih uslova čine sastavni dio ugovora o putovanju između putnika i TA “Sol Azur travel” d.o.o.&nbsp; Ferhadija 8, Sarajevo&nbsp; kao organizatora i obavezujuće su za obje ugovorne strane, osim odredbi definisanih posebnim pisanim ugovorom ili programom putovanja.<br><strong>1. PRIJAVE, UPLATE I UGOVOR</strong>: Putnik se za putovanje može prijaviti u svim poslovnicama, odnosno izdvojenim posebnim prostorima organizatora putovanja TA “Sol Azur travel” d.o.o.&nbsp; iz Sarajeva (dalje: organizator) i agencijama&nbsp; sa kojima ima zaključen Ugovor o posredovanju (dalje: posrednik). Kada posrednik u programu putovanja organizatora i ugovoru - potvrdi o putovanju ne naznači svojstvo posrednika odgovara za izvršenje programa putovanja kao organizator. Prijava postaje punovažna kada je potvrđena zaključenjem pisanog ugovora - potvrde o putovanju sa organizatorom, koja može biti i u elektronskoj formi, shodno Zakonu o elektronskom potpisu (dalje: ugovor) i uplatom akontacije u visini od 30% od cijene aranžmana. Ostatak ugovorene cijene, ako drugačije nije ugovoreno, plaća se 15 dana prije početka putovanja. Ukoliko putnik, u roku ne izvrši uplatu u cijelosti, smatra se da je putovanje otkazao, u skladu sa tačkom 10. ovih uslova. Potpisivanjem ugovora o putovanju od strane jednog putnika smatra se da su svi ostali putnici iz ugovora prihvatili ove opšte uslove putovanja i da se uplata akontacije vodi kao uplata za sve putnike (a ne samo za jednog određenog putnika).&nbsp; Ukoliko dođe do otkaza aranžmana, otkazne odredbe važe za sve navedene putnike u ugovoru.&nbsp;<br><strong>2. OBAVEZA I PRAVA ORGANIZATORA</strong>&nbsp;su: Da sa putnikom zaključi ugovor o putovanju i putniku uruči pisani program putovanja (u daljem tesktu: program putovanja) i opšte uslove putovanja (dalje: opšti uslovi) i da ga informiše o ponudi mogućih vidova putnog osiguranja (u daljem tekstu: paket putnog osiguranja); Isplati srazmjernu realnu razliku između ugovorene cijene i cijene putovanja snižene srazmerno neizvršenju ili nepotpunom izvršenju usluga (u daljem tekstu: sniženje cene) povodom blagovreme i osnovane pisane reklamacije - prigovora putnika u skladu sa zakonom, Opštim uslovima UTA i ovim opštim uslovima, osim ako su propusti u izvršenju programa putovanja nastali: krivicom putnika ili se pripisuju trećem licu koje nije bilo ugovoreni neposredni pružalac usluga&nbsp; u realizaciji programa putovanja,&nbsp; djelovanjem više sile ili nepredviđenih događaja na koje organizator nema uticaja i čije su posljedice neizbježne uprkos primjeni dužne pažnje ili nekim drugim događajima koje organizator nije mogao predvidjeti i prevladati; Saglasno dobrim poslovnim običajima u ovoj oblasti se stara o pravima i interesima putnika, da prije polaska na put dostavi putniku ime, adresu i broj telefona lokalnog predstavnika, odnosno lokalne agencije partnera organizatora.&nbsp;<br><strong>3. OBAVEZA I PRAVA PUTNIKA</strong>&nbsp;su: Da se detaljno upozna sa uručenim programom i opštim uslovima putovanja, da se informiše&nbsp; o fakultativnom zaključenju ugovora o osiguranju kojim se pokrivaju troškovi otkazivanja od strane putnika ili troškovi pomoći, uključujući repatrijaciju u svoju zemlju, u slučaju nesreće ili bolesti, i da zaključenjem ugovora (u svoje ime i u ime putnika za čije potrebe zaključuje ugovor) potvrđuje da ih u cijelosti prihvata; Uplati ugovorenu cijenu pod uslovima, rokovima i na način predviđen ugovorom, opštim uslovima i programom putovanja; Organizatoru blagovremeno dostavi tačne i kompletne podatke i dokumenta potrebna za organizovanje putovanja i garantuje da on, njegove isprave, prtljag i dr., ispunjavaju uslove određene propisima naše, tranzitne i odredišne zemlje (granični, carinski, sanitarni, monetarni i drugi propisi ) i po sopstvenom izboru obezbjedi odgovarajuće polise putnog osiguranja; Isplati štetu koju pričini neposrednim pružaocima usluga,&nbsp; ili trećim licima, kršenjem zakonskih i drugih propisa i ovih opštih uslova; Odredi drugo lice da umjesto njega putuje (uz uslov da to lice ispunjava uslove predviđene za određeno putovanje) i organizatoru nadoknadi stvarne troškove prouzrokovane zamjenom putnika i da solidarno snosi neplaćeni dio cijene aranžmana, odnosno programa putovanja; Opravdani prigovor bez odlaganja na licu mjesta saopšti organizatoru i neposrednom pružaocu usluga; Prije zaključenja ugovora se informiše preko sajta Ministarstva vanjskih poslova BiH ili na drugi način o zemljama tzv. visokog ili umjerenog rizika; Da se najkasnije 24 sata, ali ne ranije od 48 sati, informiše kod vodiča-predstavnika o tačnom vremenu povratka.</p>'),
	(14,'<p>bec super, budimepest nako 12</p>','<p>bec pa budimpesta 3</p>'),
	(15,'<p>bec super, budimepest nako 12</p>','<p>bec pa budimpesta 3</p>'),
	(19,'<p>bec super, budimepest nako 12</p>','<p>bec pa budimpesta 3</p>'),
	(21,'<p>bec super, budimepest nako 12</p>','<p>bec pa budimpesta 3</p>'),
	(22,'<p>bec super, budimepest nako 12</p>','<p>bec pa budimpesta 3</p>'),
	(23,'',''),
	(24,'',''),
	(25,'',''),
	(26,'',''),
	(27,'',''),
	(28,'',''),
	(29,'',''),
	(30,'<p><strong>Budimpe&scaron;ta</strong></p>\n<p>Dobrodo&scaron;li u Biser Dunava, magičnu, prelijepu Budimpe&scaron;tu!</p>\n<p>Grad nastao 1873.godine spajanjem dva manja grada, ravničarskog Pe&scaron;te i Budima smje&scaron;tenog na uzbrdici. Moćni Dunav svojim tokom naprosto nježno spaja, a ne razdvaja ova dva dijela grada. Slavna pro&scaron;lost ovog grada vidljiva je svuda po gradu. Na budimskoj strani grada smjestio se i kompleks Buda Dvora, unutar kojeg se nalazi i Kraljevska palata, s kojeg se pruža prelijep pogled na grada. Također, tu su i Matija&scaron; crkva-krunsko mjesto, kao i Ribarski bastion-prelijepi objekt sa sedam bijelih tornjeva koji simboliziraju sedam madjarskih plemana osnivača nacije i države. Nakon oblaska kompleksa, spustite se uspinjačom i zaputite prema pe&scaron;tanskom dijelu grada. Put preko Dunava vodi preko jednog od simbola grada, najstarijeg mosta u gradu, prelijepog Lančanog mosta.</p>\n<p>Prepustite se istraživanju stare jezgre grada i &scaron;etnji kroz čuvenu Vaci utca, koju možete iskoristiti za dobra &scaron;oping ili jednostavno predah u nekom od brojnih restorana uz poznatu mađarsku kuhinju. Dalja &scaron;etnja će vas dovesti do glavnog simbola grada grandioznu zgradu Parlamenta, treće po veličini zgrade tog tipa u svijetu. Budimpe&scaron;ta je i svjetovni centar zemlje, pa se tu nalazi i mnogo religijskih objekata. Posjetite baziliku sv. Stjepana u kojoj se čuva relikvija mumificirana ruka prvog mađarskog kralja. Također u neposrednoj blizini se nalazi i najveća sinagoga u Europi-Dohany sinagoga.</p>\n<p>Ukoliko ste umori od obilaska opustite se u nekom od parkova kojima grad obliuje, poput Margaret otoka ili pak brda Gellert. Takodjer, za opu&scaron;tanje preporučujemo i posjetu nekim od tradicionalnih banja poput Sz&eacute;chenyi, Gellert, Rudas...Ukoliko ste i na kraju dana raspoloženi za zabavu, iskusite nadaleko poznati noćni život koji grad nudi, uz brojne klubove i barove i odličnu atmosferu.</p>','<p><strong style=\"line-height: 1.3em;\">1. DAN (30.04.2014. - Srijeda) BiH</strong></p>\n<p>Polazak iz BiH u večernjim satima. Noćna vožnja lux autobusom.</p>\n<p style=\"text-align: justify;\"><strong>2. DAN (01.05.2014. - Četvrtak) BUDIMPE&Scaron;TA</strong><br />Dolazak u Budimpe&scaron;tu u podnevnim satima i kraći panoramski razgled grada. Smje&scaron;taj u hotel (oko 14h). Slobodno vrijeme za odmor. Mogućnost fakultativnog izleta u neki od shoping centara. Povratak u hotel. Noćenje.</p>\n<p style=\"text-align: justify;\"><strong>3. DAN (02.05.2014. - Petak) BUDIMPE&Scaron;TA</strong><br />Doručak. Fakultativni obilazak grada (BUDIMSKA I PE&Scaron;TANSKA STRANA) panoramski obilazak znamenosti grada: Trg Heroja, Opera, katedrala Sv. Stefana, Gelertov spomenik, Ribarska kula, katedrala Sv. Matije, mostovi... Fakultativna vožnja brodom po Dunavu. U večernjim satima mogućnost organizacije fakultativnog odlaska u jednu od najboljih pe&scaron;tanskih čardi i uživanje u nacionalnim specijalitetima uz bogat kulturno- umjetnički program. Povratak u hotel. Noćenje.</p>\n<p><strong>4. DAN (03.05.2014. - Subota) BUDIMPE&Scaron;TA - BiH</strong></p>\n<p style=\"text-align: justify;\">Doručak. Odjava iz hotela. Polazak za BiH u prijepodnevnim satima uz kraća zaustavljanja i pauze radi odmora grupe. Vožnja na relaciji MAĐARSKA &ndash; HRVATSKA &ndash; BIH. Dolazak na odredi&scaron;te u večernjim satima.</p>'),
	(31,'<p><strong>Budimpe&scaron;ta</strong></p>\n<p>Dobrodo&scaron;li u Biser Dunava, magičnu, prelijepu Budimpe&scaron;tu!</p>\n<p>Grad nastao 1873.godine spajanjem dva manja grada, ravničarskog Pe&scaron;te i Budima smje&scaron;tenog na uzbrdici. Moćni Dunav svojim tokom naprosto nježno spaja, a ne razdvaja ova dva dijela grada. Slavna pro&scaron;lost ovog grada vidljiva je svuda po gradu. Na budimskoj strani grada smjestio se i kompleks Buda Dvora, unutar kojeg se nalazi i Kraljevska palata, s kojeg se pruža prelijep pogled na grada. Također, tu su i Matija&scaron; crkva-krunsko mjesto, kao i Ribarski bastion-prelijepi objekt sa sedam bijelih tornjeva koji simboliziraju sedam madjarskih plemana osnivača nacije i države. Nakon oblaska kompleksa, spustite se uspinjačom i zaputite prema pe&scaron;tanskom dijelu grada. Put preko Dunava vodi preko jednog od simbola grada, najstarijeg mosta u gradu, prelijepog Lančanog mosta.</p>\n<p>Prepustite se istraživanju stare jezgre grada i &scaron;etnji kroz čuvenu Vaci utca, koju možete iskoristiti za dobra &scaron;oping ili jednostavno predah u nekom od brojnih restorana uz poznatu mađarsku kuhinju. Dalja &scaron;etnja će vas dovesti do glavnog simbola grada grandioznu zgradu Parlamenta, treće po veličini zgrade tog tipa u svijetu. Budimpe&scaron;ta je i svjetovni centar zemlje, pa se tu nalazi i mnogo religijskih objekata. Posjetite baziliku sv. Stjepana u kojoj se čuva relikvija mumificirana ruka prvog mađarskog kralja. Također u neposrednoj blizini se nalazi i najveća sinagoga u Europi-Dohany sinagoga.</p>\n<p>Ukoliko ste umori od obilaska opustite se u nekom od parkova kojima grad obliuje, poput Margaret otoka ili pak brda Gellert. Takodjer, za opu&scaron;tanje preporučujemo i posjetu nekim od tradicionalnih banja poput Sz&eacute;chenyi, Gellert, Rudas...Ukoliko ste i na kraju dana raspoloženi za zabavu, iskusite nadaleko poznati noćni život koji grad nudi, uz brojne klubove i barove i odličnu atmosferu.</p>','<p><strong style=\"line-height: 1.3em;\">1. DAN (30.04.2014. - Srijeda) BiH</strong></p>\n<p>Polazak iz BiH u večernjim satima. Noćna vožnja lux autobusom.</p>\n<p style=\"text-align: justify;\"><strong>2. DAN (01.05.2014. - Četvrtak) BUDIMPE&Scaron;TA</strong><br />Dolazak u Budimpe&scaron;tu u podnevnim satima i kraći panoramski razgled grada. Smje&scaron;taj u hotel (oko 14h). Slobodno vrijeme za odmor. Mogućnost fakultativnog izleta u neki od shoping centara. Povratak u hotel. Noćenje.</p>\n<p style=\"text-align: justify;\"><strong>3. DAN (02.05.2014. - Petak) BUDIMPE&Scaron;TA</strong><br />Doručak. Fakultativni obilazak grada (BUDIMSKA I PE&Scaron;TANSKA STRANA) panoramski obilazak znamenosti grada: Trg Heroja, Opera, katedrala Sv. Stefana, Gelertov spomenik, Ribarska kula, katedrala Sv. Matije, mostovi... Fakultativna vožnja brodom po Dunavu. U večernjim satima mogućnost organizacije fakultativnog odlaska u jednu od najboljih pe&scaron;tanskih čardi i uživanje u nacionalnim specijalitetima uz bogat kulturno- umjetnički program. Povratak u hotel. Noćenje.</p>\n<p><strong>4. DAN (03.05.2014. - Subota) BUDIMPE&Scaron;TA - BiH</strong></p>\n<p style=\"text-align: justify;\">Doručak. Odjava iz hotela. Polazak za BiH u prijepodnevnim satima uz kraća zaustavljanja i pauze radi odmora grupe. Vožnja na relaciji MAĐARSKA &ndash; HRVATSKA &ndash; BIH. Dolazak na odredi&scaron;te u večernjim satima.</p>'),
	(32,'<p><strong>Budimpe&scaron;ta</strong></p>\n<p>Dobrodo&scaron;li u Biser Dunava, magičnu, prelijepu Budimpe&scaron;tu!</p>\n<p>Grad nastao 1873.godine spajanjem dva manja grada, ravničarskog Pe&scaron;te i Budima smje&scaron;tenog na uzbrdici. Moćni Dunav svojim tokom naprosto nježno spaja, a ne razdvaja ova dva dijela grada. Slavna pro&scaron;lost ovog grada vidljiva je svuda po gradu. Na budimskoj strani grada smjestio se i kompleks Buda Dvora, unutar kojeg se nalazi i Kraljevska palata, s kojeg se pruža prelijep pogled na grada. Također, tu su i Matija&scaron; crkva-krunsko mjesto, kao i Ribarski bastion-prelijepi objekt sa sedam bijelih tornjeva koji simboliziraju sedam madjarskih plemana osnivača nacije i države. Nakon oblaska kompleksa, spustite se uspinjačom i zaputite prema pe&scaron;tanskom dijelu grada. Put preko Dunava vodi preko jednog od simbola grada, najstarijeg mosta u gradu, prelijepog Lančanog mosta.</p>\n<p>Prepustite se istraživanju stare jezgre grada i &scaron;etnji kroz čuvenu Vaci utca, koju možete iskoristiti za dobra &scaron;oping ili jednostavno predah u nekom od brojnih restorana uz poznatu mađarsku kuhinju. Dalja &scaron;etnja će vas dovesti do glavnog simbola grada grandioznu zgradu Parlamenta, treće po veličini zgrade tog tipa u svijetu. Budimpe&scaron;ta je i svjetovni centar zemlje, pa se tu nalazi i mnogo religijskih objekata. Posjetite baziliku sv. Stjepana u kojoj se čuva relikvija mumificirana ruka prvog mađarskog kralja. Također u neposrednoj blizini se nalazi i najveća sinagoga u Europi-Dohany sinagoga.</p>\n<p>Ukoliko ste umori od obilaska opustite se u nekom od parkova kojima grad obliuje, poput Margaret otoka ili pak brda Gellert. Takodjer, za opu&scaron;tanje preporučujemo i posjetu nekim od tradicionalnih banja poput Sz&eacute;chenyi, Gellert, Rudas...Ukoliko ste i na kraju dana raspoloženi za zabavu, iskusite nadaleko poznati noćni život koji grad nudi, uz brojne klubove i barove i odličnu atmosferu.</p>','<p><strong style=\"line-height: 1.3em;\">1. DAN (30.04.2014. - Srijeda) BiH</strong></p>\n<p>Polazak iz BiH u večernjim satima. Noćna vožnja lux autobusom.</p>\n<p style=\"text-align: justify;\"><strong>2. DAN (01.05.2014. - Četvrtak) BUDIMPE&Scaron;TA</strong><br />Dolazak u Budimpe&scaron;tu u podnevnim satima i kraći panoramski razgled grada. Smje&scaron;taj u hotel (oko 14h). Slobodno vrijeme za odmor. Mogućnost fakultativnog izleta u neki od shoping centara. Povratak u hotel. Noćenje.</p>\n<p style=\"text-align: justify;\"><strong>3. DAN (02.05.2014. - Petak) BUDIMPE&Scaron;TA</strong><br />Doručak. Fakultativni obilazak grada (BUDIMSKA I PE&Scaron;TANSKA STRANA) panoramski obilazak znamenosti grada: Trg Heroja, Opera, katedrala Sv. Stefana, Gelertov spomenik, Ribarska kula, katedrala Sv. Matije, mostovi... Fakultativna vožnja brodom po Dunavu. U večernjim satima mogućnost organizacije fakultativnog odlaska u jednu od najboljih pe&scaron;tanskih čardi i uživanje u nacionalnim specijalitetima uz bogat kulturno- umjetnički program. Povratak u hotel. Noćenje.</p>\n<p><strong>4. DAN (03.05.2014. - Subota) BUDIMPE&Scaron;TA - BiH</strong></p>\n<p style=\"text-align: justify;\">Doručak. Odjava iz hotela. Polazak za BiH u prijepodnevnim satima uz kraća zaustavljanja i pauze radi odmora grupe. Vožnja na relaciji MAĐARSKA &ndash; HRVATSKA &ndash; BIH. Dolazak na odredi&scaron;te u večernjim satima.</p>'),
	(33,'<p><strong>Budimpe&scaron;ta</strong></p>\n<p>Dobrodo&scaron;li u Biser Dunava, magičnu, prelijepu Budimpe&scaron;tu!</p>\n<p>Grad nastao 1873.godine spajanjem dva manja grada, ravničarskog Pe&scaron;te i Budima smje&scaron;tenog na uzbrdici. Moćni Dunav svojim tokom naprosto nježno spaja, a ne razdvaja ova dva dijela grada. Slavna pro&scaron;lost ovog grada vidljiva je svuda po gradu. Na budimskoj strani grada smjestio se i kompleks Buda Dvora, unutar kojeg se nalazi i Kraljevska palata, s kojeg se pruža prelijep pogled na grada. Također, tu su i Matija&scaron; crkva-krunsko mjesto, kao i Ribarski bastion-prelijepi objekt sa sedam bijelih tornjeva koji simboliziraju sedam madjarskih plemana osnivača nacije i države. Nakon oblaska kompleksa, spustite se uspinjačom i zaputite prema pe&scaron;tanskom dijelu grada. Put preko Dunava vodi preko jednog od simbola grada, najstarijeg mosta u gradu, prelijepog Lančanog mosta.</p>\n<p>Prepustite se istraživanju stare jezgre grada i &scaron;etnji kroz čuvenu Vaci utca, koju možete iskoristiti za dobra &scaron;oping ili jednostavno predah u nekom od brojnih restorana uz poznatu mađarsku kuhinju. Dalja &scaron;etnja će vas dovesti do glavnog simbola grada grandioznu zgradu Parlamenta, treće po veličini zgrade tog tipa u svijetu. Budimpe&scaron;ta je i svjetovni centar zemlje, pa se tu nalazi i mnogo religijskih objekata. Posjetite baziliku sv. Stjepana u kojoj se čuva relikvija mumificirana ruka prvog mađarskog kralja. Također u neposrednoj blizini se nalazi i najveća sinagoga u Europi-Dohany sinagoga.</p>\n<p>Ukoliko ste umori od obilaska opustite se u nekom od parkova kojima grad obliuje, poput Margaret otoka ili pak brda Gellert. Takodjer, za opu&scaron;tanje preporučujemo i posjetu nekim od tradicionalnih banja poput Sz&eacute;chenyi, Gellert, Rudas...Ukoliko ste i na kraju dana raspoloženi za zabavu, iskusite nadaleko poznati noćni život koji grad nudi, uz brojne klubove i barove i odličnu atmosferu.</p>','<p><strong style=\"line-height: 1.3em;\">1. DAN (30.04.2014. - Srijeda) BiH</strong></p>\n<p>Polazak iz BiH u večernjim satima. Noćna vožnja lux autobusom.</p>\n<p style=\"text-align: justify;\"><strong>2. DAN (01.05.2014. - Četvrtak) BUDIMPE&Scaron;TA</strong><br />Dolazak u Budimpe&scaron;tu u podnevnim satima i kraći panoramski razgled grada. Smje&scaron;taj u hotel (oko 14h). Slobodno vrijeme za odmor. Mogućnost fakultativnog izleta u neki od shoping centara. Povratak u hotel. Noćenje.</p>\n<p style=\"text-align: justify;\"><strong>3. DAN (02.05.2014. - Petak) BUDIMPE&Scaron;TA</strong><br />Doručak. Fakultativni obilazak grada (BUDIMSKA I PE&Scaron;TANSKA STRANA) panoramski obilazak znamenosti grada: Trg Heroja, Opera, katedrala Sv. Stefana, Gelertov spomenik, Ribarska kula, katedrala Sv. Matije, mostovi... Fakultativna vožnja brodom po Dunavu. U večernjim satima mogućnost organizacije fakultativnog odlaska u jednu od najboljih pe&scaron;tanskih čardi i uživanje u nacionalnim specijalitetima uz bogat kulturno- umjetnički program. Povratak u hotel. Noćenje.</p>\n<p><strong>4. DAN (03.05.2014. - Subota) BUDIMPE&Scaron;TA - BiH</strong></p>\n<p style=\"text-align: justify;\">Doručak. Odjava iz hotela. Polazak za BiH u prijepodnevnim satima uz kraća zaustavljanja i pauze radi odmora grupe. Vožnja na relaciji MAĐARSKA &ndash; HRVATSKA &ndash; BIH. Dolazak na odredi&scaron;te u večernjim satima.</p>'),
	(34,'<p><strong>Budimpe&scaron;ta</strong></p>\n<p>Dobrodo&scaron;li u Biser Dunava, magičnu, prelijepu Budimpe&scaron;tu!</p>\n<p>Grad nastao 1873.godine spajanjem dva manja grada, ravničarskog Pe&scaron;te i Budima smje&scaron;tenog na uzbrdici. Moćni Dunav svojim tokom naprosto nježno spaja, a ne razdvaja ova dva dijela grada. Slavna pro&scaron;lost ovog grada vidljiva je svuda po gradu. Na budimskoj strani grada smjestio se i kompleks Buda Dvora, unutar kojeg se nalazi i Kraljevska palata, s kojeg se pruža prelijep pogled na grada. Također, tu su i Matija&scaron; crkva-krunsko mjesto, kao i Ribarski bastion-prelijepi objekt sa sedam bijelih tornjeva koji simboliziraju sedam madjarskih plemana osnivača nacije i države. Nakon oblaska kompleksa, spustite se uspinjačom i zaputite prema pe&scaron;tanskom dijelu grada. Put preko Dunava vodi preko jednog od simbola grada, najstarijeg mosta u gradu, prelijepog Lančanog mosta.</p>\n<p>Prepustite se istraživanju stare jezgre grada i &scaron;etnji kroz čuvenu Vaci utca, koju možete iskoristiti za dobra &scaron;oping ili jednostavno predah u nekom od brojnih restorana uz poznatu mađarsku kuhinju. Dalja &scaron;etnja će vas dovesti do glavnog simbola grada grandioznu zgradu Parlamenta, treće po veličini zgrade tog tipa u svijetu. Budimpe&scaron;ta je i svjetovni centar zemlje, pa se tu nalazi i mnogo religijskih objekata. Posjetite baziliku sv. Stjepana u kojoj se čuva relikvija mumificirana ruka prvog mađarskog kralja. Također u neposrednoj blizini se nalazi i najveća sinagoga u Europi-Dohany sinagoga.</p>\n<p>Ukoliko ste umori od obilaska opustite se u nekom od parkova kojima grad obliuje, poput Margaret otoka ili pak brda Gellert. Takodjer, za opu&scaron;tanje preporučujemo i posjetu nekim od tradicionalnih banja poput Sz&eacute;chenyi, Gellert, Rudas...Ukoliko ste i na kraju dana raspoloženi za zabavu, iskusite nadaleko poznati noćni život koji grad nudi, uz brojne klubove i barove i odličnu atmosferu.</p>','<p><strong style=\"line-height: 1.3em;\">1. DAN (30.04.2014. - Srijeda) BiH</strong></p>\n<p>Polazak iz BiH u večernjim satima. Noćna vožnja lux autobusom.</p>\n<p style=\"text-align: justify;\"><strong>2. DAN (01.05.2014. - Četvrtak) BUDIMPE&Scaron;TA</strong><br />Dolazak u Budimpe&scaron;tu u podnevnim satima i kraći panoramski razgled grada. Smje&scaron;taj u hotel (oko 14h). Slobodno vrijeme za odmor. Mogućnost fakultativnog izleta u neki od shoping centara. Povratak u hotel. Noćenje.</p>\n<p style=\"text-align: justify;\"><strong>3. DAN (02.05.2014. - Petak) BUDIMPE&Scaron;TA</strong><br />Doručak. Fakultativni obilazak grada (BUDIMSKA I PE&Scaron;TANSKA STRANA) panoramski obilazak znamenosti grada: Trg Heroja, Opera, katedrala Sv. Stefana, Gelertov spomenik, Ribarska kula, katedrala Sv. Matije, mostovi... Fakultativna vožnja brodom po Dunavu. U večernjim satima mogućnost organizacije fakultativnog odlaska u jednu od najboljih pe&scaron;tanskih čardi i uživanje u nacionalnim specijalitetima uz bogat kulturno- umjetnički program. Povratak u hotel. Noćenje.</p>\n<p><strong>4. DAN (03.05.2014. - Subota) BUDIMPE&Scaron;TA - BiH</strong></p>\n<p style=\"text-align: justify;\">Doručak. Odjava iz hotela. Polazak za BiH u prijepodnevnim satima uz kraća zaustavljanja i pauze radi odmora grupe. Vožnja na relaciji MAĐARSKA &ndash; HRVATSKA &ndash; BIH. Dolazak na odredi&scaron;te u večernjim satima.</p>');



# Dump of table ponude
# ------------------------------------------------------------


CREATE TABLE `ponude` (
  `id` int(11) unsigned NOT NULL AUTO_INCREMENT,
  `datumdodavanja` datetime DEFAULT NULL,
  `korisnik` int(11) DEFAULT NULL,
  `naziv` varchar(200) DEFAULT NULL,
  `kratki_opis` text,
  `tip_ponude` int(11) DEFAULT NULL,
  `nacinputovanja` int(11) DEFAULT NULL,
  `agencija` int(11) DEFAULT NULL,
  `opisiponude` int(11) DEFAULT NULL,
  `aktivno` int(1) DEFAULT NULL,
  `broj_pregleda` int(11) DEFAULT NULL,
  PRIMARY KEY (`id`)
) ENGINE=InnoDB DEFAULT CHARSET=utf8;


INSERT INTO `ponude` (`id`, `datumdodavanja`, `korisnik`, `naziv`, `kratki_opis`, `tip_ponude`, `nacinputovanja`, `agencija`, `opisiponude`, `aktivno`, `broj_pregleda`)
VALUES
	(3,'2014-05-02 12:45:00',1,'test','dsgfddfhsdf',0,0,0,3,1,NULL),
	(4,'2014-05-08 23:22:00',1,'test 2','dsgfddfhsdf',1,1,1,1,1,NULL),
	(5,'2014-04-29 16:47:00',1,'tstt e23','dsgfddfhsdf',0,0,0,5,1,NULL),
	(7,'2014-04-29 16:48:00',1,'test 45','dsgfddfhsdf',0,0,0,7,1,NULL),
	(8,'2014-04-29 20:03:00',1,'Test 222','Bec i budimpesta 2',0,1,3,8,1,NULL),
	(9,'2014-04-29 20:30:00',1,'Test za dupliciranje','test as',2,2,2,9,1,NULL),
	(11,'2014-04-29 19:38:00',1,'test ','test as',2,2,2,9,1,NULL),
	(12,'2014-04-29 19:38:00',1,'test ','test as',2,2,2,11,1,NULL),
	(13,'2014-04-29 19:38:00',1,'test ','test as',2,2,2,12,1,NULL),
	(14,'2014-04-29 19:38:00',1,'test ','test as',2,2,2,13,1,NULL),
	(15,'2014-04-29 20:03:00',1,'Test 222','Bec i budimpesta 2',0,1,3,14,1,NULL),
	(16,'2014-04-29 20:03:00',1,'Test 222','Bec i budimpesta 2',0,1,3,15,1,NULL),
	(20,'2014-04-30 00:31:00',1,'Test 222','Bec i budimpesta 2',3,1,3,19,0,NULL),
	(22,'2014-04-30 01:06:00',1,'Test 222','Bec i budimpesta 2',3,1,3,21,1,NULL),
	(23,'2014-05-07 19:38:00',1,'Test 222','Bec i budimpesta 2',3,1,3,22,1,NULL),
	(24,'2014-05-07 21:48:00',1,'','',0,0,0,23,1,NULL),
	(25,'2014-05-07 22:26:00',1,'','',0,0,0,24,1,NULL),
	(26,'2014-05-07 22:33:00',1,'','',0,0,0,25,1,NULL),
	(27,'2014-05-07 22:33:00',1,'','',0,0,0,26,1,NULL),
	(28,'2014-05-07 22:34:00',1,'','',0,0,0,27,1,NULL),
	(29,'2014-05-07 22:34:00',1,'','',0,0,0,28,1,NULL),
	(30,'2014-05-07 23:19:00',1,'','',0,0,0,29,1,NULL),
	(31,'2014-05-14 19:11:00',1,'test 2','dsgfddfhsdf',1,1,1,30,1,NULL),
	(32,'2014-05-15 23:09:00',1,'test 2','dsgfddfhsdf',1,1,1,31,1,NULL),
	(33,'2014-05-15 23:09:00',1,'test 2','dsgfddfhsdf',1,1,1,32,1,NULL),
	(34,'2014-05-15 23:12:00',1,'test 2','dsgfddfhsdf',1,1,1,33,1,NULL),
	(35,'2014-05-15 23:13:00',1,'test 2','dsgfddfhsdf',1,1,1,34,1,NULL);



# Dump of table ponude_cijenedatumi
# ------------------------------------------------------------


CREATE TABLE `ponude_cijenedatumi` (
  `id` int(11) unsigned NOT NULL AUTO_INCREMENT,
  `main_id` varchar(20) NOT NULL DEFAULT '',
  `ponuda_id` int(11) DEFAULT NULL,
  `poddestinacija` varchar(100) DEFAULT NULL,
  `cijenarezervacije` int(11) DEFAULT NULL,
  `cijenaostatak` int(11) DEFAULT NULL,
  `cijenaukupno` int(11) DEFAULT NULL,
  `ukupnodana` int(11) DEFAULT NULL,
  `ukupnonoci` int(11) DEFAULT NULL,
  `datumpolaska` datetime DEFAULT NULL,
  `datumpovratka` datetime DEFAULT NULL,
  PRIMARY KEY (`id`)
) ENGINE=InnoDB DEFAULT CHARSET=utf8;


INSERT INTO `ponude_cijenedatumi` (`id`, `main_id`, `ponuda_id`, `poddestinacija`, `cijenarezervacije`, `cijenaostatak`, `cijenaukupno`, `ukupnodana`, `ukupnonoci`, `datumpolaska`, `datumpovratka`)
VALUES
	(1,'0',30,'test 1',20,80,100,2,7,'2014-06-12 00:00:00','2014-05-19 00:00:00'),
	(10,'njCPNaAg2g1nhWJ3XWxI',4,'Hotel Bosnia',20,180,200,4,3,'2014-04-04 00:00:00','2014-04-07 00:00:00'),
	(11,'XY8a8Papu3XRmAGaKhqM',4,'Hotel Bosnia',25,225,250,6,5,'2014-05-19 00:00:00','2014-05-24 00:00:00'),
	(12,'xs9PpTSmQq5NodYw39Vx',4,'Hotel Evropa',40,360,400,30,29,'2014-05-19 00:00:00','2014-06-24 00:00:00'),
	(13,'cTpyt6Jen90UCaK14DoU',4,'Hotel Evropa',50,400,450,6,5,'2014-05-26 00:00:00','2014-05-31 00:00:00'),
	(14,'',NULL,NULL,NULL,NULL,NULL,NULL,NULL,NULL,NULL),
	(15,'',NULL,NULL,NULL,NULL,NULL,NULL,NULL,NULL,NULL),
	(16,'',NULL,NULL,NULL,NULL,NULL,NULL,NULL,NULL,NULL),
	(17,'',NULL,NULL,NULL,NULL,NULL,NULL,NULL,NULL,NULL),
	(18,'',NULL,NULL,NULL,NULL,NULL,NULL,NULL,NULL,NULL),
	(19,'',NULL,NULL,NULL,NULL,NULL,NULL,NULL,NULL,NULL),
	(20,'',NULL,NULL,NULL,NULL,NULL,NULL,NULL,NULL,NULL),
	(21,'',NULL,NULL,NULL,NULL,NULL,NULL,NULL,NULL,NULL),
	(22,'',NULL,NULL,NULL,NULL,NULL,NULL,NULL,NULL,NULL),
	(23,'',NULL,NULL,NULL,NULL,NULL,NULL,NULL,NULL,NULL),
	(24,'',NULL,NULL,NULL,NULL,NULL,NULL,NULL,NULL,NULL),
	(25,'',NULL,NULL,NULL,NULL,NULL,NULL,NULL,NULL,NULL),
	(26,'',NULL,NULL,NULL,NULL,NULL,NULL,NULL,NULL,NULL),
	(27,'',NULL,NULL,NULL,NULL,NULL,NULL,NULL,NULL,NULL),
	(28,'',NULL,NULL,NULL,NULL,NULL,NULL,NULL,NULL,NULL),
	(29,'',NULL,NULL,NULL,NULL,NULL,NULL,NULL,NULL,NULL),
	(30,'',NULL,NULL,NULL,NULL,NULL,NULL,NULL,NULL,NULL),
	(31,'',NULL,NULL,NULL,NULL,NULL,NULL,NULL,NULL,NULL),
	(32,'',NULL,NULL,NULL,NULL,NULL,NULL,NULL,NULL,NULL),
	(33,'',NULL,NULL,NULL,NULL,NULL,NULL,NULL,NULL,NULL),
	(34,'N0kY7yFNtXtVCKjLaJox',35,'Hotel Bosnia',20,180,200,4,3,'2014-04-04 00:00:00','2014-04-07 00:00:00'),
	(35,'yaXU50iYf1321n19VGWo',35,'Hotel Bosnia',25,225,250,6,5,'2014-05-19 00:00:00','2014-05-24 00:00:00'),
	(36,'EqjgbD1lmqSVAPPGQ7E6',35,'Hotel Evropa',40,360,400,30,29,'2014-05-19 00:00:00','2014-06-24 00:00:00'),
	(37,'9H9b4ak0RhovIILTmNeJ',35,'Hotel Evropa',50,400,450,6,5,'2014-05-26 00:00:00','2014-05-31 00:00:00');



# Dump of table ponude_copy
# ------------------------------------------------------------


CREATE TABLE `ponude_copy` (
  `id` int(11) unsigned NOT NULL AUTO_INCREMENT,
  `datumdodavanja` datetime DEFAULT NULL,
  `korisnik` int(11) DEFAULT NULL,
  `naziv` varchar(200) DEFAULT NULL,
  `kratki_opis` text,
  `tip_ponude` int(11) DEFAULT NULL,
  `cijenaukupno` int(11) DEFAULT NULL,
  `cijenarezervacije` int(11) DEFAULT NULL,
  `cijenaostatak` int(11) DEFAULT NULL,
  `datumpolaska` datetime DEFAULT NULL,
  `datumpovratka` datetime DEFAULT NULL,
  `ukupnodana` int(11) DEFAULT NULL,
  `ukupnonoci` int(11) DEFAULT NULL,
  `nacinputovanja` int(11) DEFAULT NULL,
  `agencija` int(11) DEFAULT NULL,
  `opisiponude` int(11) DEFAULT NULL,
  `aktivno` int(1) DEFAULT NULL,
  `broj_pregleda` int(11) DEFAULT NULL,
  PRIMARY KEY (`id`)
) ENGINE=InnoDB DEFAULT CHARSET=utf8;


INSERT INTO `ponude_copy` (`id`, `datumdodavanja`, `korisnik`, `naziv`, `kratki_opis`, `tip_ponude`, `cijenaukupno`, `cijenarezervacije`, `cijenaostatak`, `datumpolaska`, `datumpovratka`, `ukupnodana`, `ukupnonoci`, `nacinputovanja`, `agencija`, `opisiponude`, `aktivno`, `broj_pregleda`)
VALUES
	(3,'2014-05-02 12:45:00',1,'test','dsgfddfhsdf',0,0,0,0,'1970-01-01 00:00:00','1970-01-01 00:00:00',0,0,0,0,3,1,NULL),
	(4,'2014-05-08 09:09:00',1,'test 2','dsgfddfhsdf',1,535,33,502,'2014-04-04 00:00:00','2014-04-07 00:00:00',4,3,1,1,1,1,NULL),
	(5,'2014-04-29 16:47:00',1,'tstt e23','dsgfddfhsdf',0,0,0,0,'1970-01-01 01:00:00','1970-01-01 01:00:00',0,0,0,0,5,1,NULL),
	(7,'2014-04-29 16:48:00',1,'test 45','dsgfddfhsdf',0,0,0,0,'1970-01-01 01:00:00','1970-01-01 01:00:00',0,0,0,0,7,1,NULL),
	(8,'2014-04-29 20:03:00',1,'Test 222','Bec i budimpesta 2',0,300,50,250,'2014-05-08 00:00:00','2014-05-17 00:00:00',9,8,1,3,8,1,NULL),
	(9,'2014-04-29 20:30:00',1,'Test za dupliciranje','test as',2,310,50,260,'2014-05-04 00:00:00','2014-05-10 00:00:00',7,6,2,2,9,1,NULL),
	(11,'2014-04-29 19:38:00',1,'test ','test as',2,310,50,260,'2014-05-04 00:00:00','2014-05-10 00:00:00',7,6,2,2,9,1,NULL),
	(12,'2014-04-29 19:38:00',1,'test ','test as',2,310,50,260,'2014-05-04 00:00:00','2014-05-10 00:00:00',7,6,2,2,11,1,NULL),
	(13,'2014-04-29 19:38:00',1,'test ','test as',2,310,50,260,'2014-05-04 00:00:00','2014-05-10 00:00:00',7,6,2,2,12,1,NULL),
	(14,'2014-04-29 19:38:00',1,'test ','test as',2,310,50,260,'2014-05-04 00:00:00','2014-05-10 00:00:00',7,6,2,2,13,1,NULL),
	(15,'2014-04-29 20:03:00',1,'Test 222','Bec i budimpesta 2',0,300,50,250,'2014-05-08 00:00:00','2014-05-17 00:00:00',9,8,1,3,14,1,NULL),
	(16,'2014-04-29 20:03:00',1,'Test 222','Bec i budimpesta 2',0,300,50,250,'2014-05-08 00:00:00','2014-05-17 00:00:00',9,8,1,3,15,1,NULL),
	(20,'2014-04-30 00:31:00',1,'Test 222','Bec i budimpesta 2',3,300,50,250,'2014-05-08 00:00:00','2014-05-17 00:00:00',9,8,1,3,19,0,NULL),
	(22,'2014-04-30 01:06:00',1,'Test 222','Bec i budimpesta 2',3,300,50,250,'2014-05-08 00:00:00','2014-05-17 00:00:00',9,8,1,3,21,1,NULL),
	(23,'2014-05-07 19:38:00',1,'Test 222','Bec i budimpesta 2',3,300,50,250,'2014-05-08 00:00:00','2014-05-17 00:00:00',9,8,1,3,22,1,NULL),
	(24,'2014-05-07 21:48:00',1,'','',0,NULL,NULL,NULL,NULL,NULL,NULL,NULL,0,0,23,1,NULL),
	(25,'2014-05-07 22:26:00',1,'','',0,NULL,NULL,NULL,NULL,NULL,NULL,NULL,0,0,24,1,NULL),
	(26,'2014-05-07 22:33:00',1,'','',0,NULL,NULL,NULL,NULL,NULL,NULL,NULL,0,0,25,1,NULL),
	(27,'2014-05-07 22:33:00',1,'','',0,NULL,NULL,NULL,NULL,NULL,NULL,NULL,0,0,26,1,NULL),
	(28,'2014-05-07 22:34:00',1,'','',0,NULL,NULL,NULL,NULL,NULL,NULL,NULL,0,0,27,1,NULL),
	(29,'2014-05-07 22:34:00',1,'','',0,NULL,NULL,NULL,NULL,NULL,NULL,NULL,0,0,28,1,NULL),
	(30,'2014-05-07 23:19:00',1,'','',0,NULL,NULL,NULL,NULL,NULL,NULL,NULL,0,0,29,1,NULL);



# Dump of table ponude_izdvojeno
# ------------------------------------------------------------


CREATE TABLE `ponude_izdvojeno` (
  `id` int(11) unsigned NOT NULL AUTO_INCREMENT,
  `ponuda_id` int(11) DEFAULT NULL,
  `vazido` datetime DEFAULT NULL,
  `prioritet` int(11) DEFAULT NULL,
  PRIMARY KEY (`id`)
) ENGINE=InnoDB DEFAULT CHARSET=utf8;


INSERT INTO `ponude_izdvojeno` (`id`, `ponuda_id`, `vazido`, `prioritet`)
VALUES
	(1,4,NULL,NULL);



# Dump of table ponude_mjesta
# ------------------------------------------------------------


CREATE TABLE `ponude_mjesta` (
  `id` int(11) unsigned NOT NULL AUTO_INCREMENT,
  `ponuda_id` int(11) DEFAULT NULL,
  `drzava_id` int(11) DEFAULT NULL,
  `grad_id` int(11) DEFAULT NULL,
  PRIMARY KEY (`id`)
) ENGINE=InnoDB DEFAULT CHARSET=utf8;


INSERT INTO `ponude_mjesta` (`id`, `ponuda_id`, `drzava_id`, `grad_id`)
VALUES
	(1,6,2,3),
	(2,6,1,2),
	(3,6,7,6),
	(4,6,6,5),
	(5,6,NULL,NULL),
	(25,8,2,3),
	(26,8,7,6),
	(27,8,6,5),
	(28,12,7,6),
	(29,12,1,2),
	(30,13,7,6),
	(31,13,1,2),
	(32,14,7,6),
	(33,14,1,2),
	(34,15,2,3),
	(35,15,7,6),
	(36,15,6,5),
	(37,16,2,3),
	(38,16,7,6),
	(39,16,6,5),
	(48,9,7,6),
	(49,9,1,2),
	(61,20,2,3),
	(62,20,7,6),
	(63,20,6,5),
	(64,22,2,3),
	(65,22,7,6),
	(66,22,6,5),
	(67,3,1,1),
	(73,23,2,3),
	(74,23,7,6),
	(75,23,6,5),
	(76,24,0,0),
	(77,25,0,0),
	(78,26,0,0),
	(79,27,0,0),
	(80,28,0,0),
	(81,29,0,0),
	(85,30,0,0),
	(96,4,2,3),
	(97,4,1,2),
	(98,4,7,6),
	(99,4,6,5),
	(100,4,1,1),
	(101,31,2,3),
	(102,31,1,2),
	(103,31,7,6),
	(104,31,6,5),
	(105,31,1,1),
	(106,32,2,3),
	(107,32,1,2),
	(108,32,7,6),
	(109,32,6,5),
	(110,32,1,1),
	(111,33,2,3),
	(112,33,1,2),
	(113,33,7,6),
	(114,33,6,5),
	(115,33,1,1),
	(116,34,2,3),
	(117,34,1,2),
	(118,34,7,6),
	(119,34,6,5),
	(120,34,1,1),
	(121,35,2,3),
	(122,35,1,2),
	(123,35,7,6),
	(124,35,6,5),
	(125,35,1,1);



# Dump of table tipovi_opisa
# ------------------------------------------------------------


CREATE TABLE `tipovi_opisa` (
  `id` int(11) unsigned NOT NULL AUTO_INCREMENT,
  `name` varchar(40) DEFAULT NULL,
  `display_name` varchar(50) DEFAULT NULL,
  `order` int(11) DEFAULT NULL,
  PRIMARY KEY (`id`)
) ENGINE=InnoDB DEFAULT CHARSET=utf8;


INSERT INTO `tipovi_opisa` (`id`, `name`, `display_name`, `order`)
VALUES
	(1,'generalno','Generalni Opis',1),
	(2,'informacije','Korisne Informacije',2),
	(3,'znamenitosti','Znamenitosti',3),
	(4,'nocnizivot','Noćni Život',4),
	(5,'plaze','Plaže',5),
	(6,'kafane','Pubovi i kafići',6),
	(7,'shopping','Shopping',7);



# Dump of table tipovi_ponude
# ------------------------------------------------------------


CREATE TABLE `tipovi_ponude` (
  `id` int(11) unsigned NOT NULL AUTO_INCREMENT,
  `naziv` varchar(50) DEFAULT NULL,
  `link` varchar(50) DEFAULT NULL,
  `slika` varchar(100) DEFAULT NULL,
  `opis` text,
  `aktivno` int(1) DEFAULT NULL,
  PRIMARY KEY (`id`)
) ENGINE=InnoDB DEFAULT CHARSET=utf8;


INSERT INTO `tipovi_ponude` (`id`, `naziv`, `link`, `slika`, `opis`, `aktivno`)
VALUES
	(1,'1. Maj','1Maj',NULL,'Lorem Ipsum is simply dummy text of the printing and typesetting industry. Lorem Ipsum has been the industry\'s standard dummy text ever since the 1500s, when an unknown printer took a galley of type and scrambled it to make a type specimen book. It has survived not only five centuries, but also the leap into electronic typesetting, remaining essentially unchanged. ',1),
	(2,'Ljetovanje','Ljetovanje',NULL,'Lorem Ipsum is simply dummy text of the printing and typesetting industry. Lorem Ipsum has been the industry\'s standard dummy text ever since the 1500s, when an unknown printer took a galley of type and scrambled it to make a type specimen book. It has survived not only five centuries, but also the leap into electronic typesetting, remaining essentially unchanged. ',1),
	(3,'Nova Godina','NovaGodina',NULL,'Lorem Ipsum is simply dummy text of the printing and typesetting industry. Lorem Ipsum has been the industry\'s standard dummy text ever since the 1500s, when an unknown printer took a galley of type and scrambled it to make a type specimen book. It has survived not only five centuries, but also the leap into electronic typesetting, remaining essentially unchanged. ',1);




